{"id":963,"date":"2018-08-31T17:37:56","date_gmt":"2018-08-31T20:37:56","guid":{"rendered":"https:\/\/elvs-tuc.infd.edu.ar\/sitio\/homenaje-audiovisual\/"},"modified":"2022-07-28T03:09:59","modified_gmt":"2022-07-28T06:09:59","slug":"maria-elena-dappe","status":"publish","type":"page","link":"https:\/\/elvs-tuc.infd.edu.ar\/sitio\/maria-elena-dappe\/","title":{"rendered":"Homenaje a la Se\u00f1ora Mar\u00eda Elena"},"content":{"rendered":"<p><strong><span style=\"font-size: 12pt; color: #ff6600;\">Homenaje realizado en la escuela Sarmiento el d\u00eda 08.09.17<\/span><\/strong><\/p>\n<p><iframe loading=\"lazy\" src=\"https:\/\/player.vimeo.com\/video\/233357090?wmode=transparent\" width=\"640\" height=\"360\" frameborder=\"0\" allowfullscreen=\"allowfullscreen\" data-mce-fragment=\"1\"><span data-mce-type=\"bookmark\" style=\"display: inline-block; width: 0px; overflow: hidden; line-height: 0;\" class=\"mce_SELRES_start\">\ufeff<\/span><\/iframe><\/p>\n<hr \/>\n<p><span style=\"font-size: 12pt;\"><strong>Despedida a la Se\u00f1ora Mar\u00eda Elena Dappe de Cuenya<\/strong><\/span><\/p>\n<p style=\"text-align: justify;\">Hac\u00eda mucho tiempo que no sent\u00eda tanta y tan enorme responsabilidad por tener que decir unas palabras. Responsabilidad que, por otra parte, asumo con inmenso orgullo.<\/p>\n<p style=\"text-align: justify;\">Intent\u00e9 descifrar el desasosiego que me invad\u00eda al pensar qu\u00e9 decir, y empec\u00e9 a serenarme cuando acept\u00e9 la idea del fracaso.<\/p>\n<p style=\"text-align: justify;\">S\u00e9 que lo que diga, siempre ser\u00e1 insuficiente, incompleto, inacabado. Por mis propias limitaciones, obviamente, pero sobre todo por la hondura y la vastedad de la persona a la que debo referirme.<\/p>\n<p style=\"text-align: justify;\">Y pudiendo elegir para hacerlo, entre\u00a0 su obra, su trayectoria, sus rasgos personales, su pensamiento o su car\u00e1cter y una interminable serie de palabras pertinentes y representativas todas, prefer\u00ed quedarme con el peque\u00f1o pero elocuente relato de una experiencia personal.<\/p>\n<p style=\"text-align: justify;\">Siendo adolescente, y a punto de partir de viaje con mis compa\u00f1eras, deb\u00edamos reunirnos en la escuela a la madrugada. Ella nos esperaba sola, hasta que lleg\u00e1ramos todas y el colectivo nos llevara.<\/p>\n<p style=\"text-align: justify;\">Era en septiembre, en esa hora en que la noche dura todav\u00eda. La escuela estaba en absoluta oscuridad y solo la tenue claridad que proyecta la luna nos iluminaba. Ella no encendi\u00f3 ninguna l\u00e1mpara. Nos reuni\u00f3 en la galer\u00eda de la biblioteca y tom\u00f3 con sus manos a las que est\u00e1bamos m\u00e1s cerca. Nos invit\u00f3 a recorrer la escuela en silencio y a oscuras.<\/p>\n<p style=\"text-align: justify;\">Nos pidi\u00f3 que aspir\u00e1semos profundo el aroma de los azahares; que escuch\u00e1semos los sonidos de la noche\u2026. los crujidos, algunos aleteos, las ramas mecidas por el viento. Nos dijo que mir\u00e1semos la grandeza del San Antonio; que sinti\u00e9ramos su presencia majestuosa. Nos habl\u00f3 de esas galer\u00edas rigurosas en sus arcos y repet\u00eda: \u201cSientan, sientan aqu\u00ed\u201d poni\u00e9ndose la mano en el pecho\u2026 \u201cno digan nada\u2026 sientan este lugar que es de ustedes, mis chiquitas\u2026 porque todas estas presencias las han cobijado, las han visto crecer\u2026\u201d<\/p>\n<p style=\"text-align: justify;\">Recuerdo, de esa noche inmensa, la calidez y la firmeza de su voz, casi secreta.<\/p>\n<p style=\"text-align: justify;\">\u201cEsto es lo que ustedes se llevan dentro, nos dijo, cuando salgan de aqu\u00ed. Estoy segura, mis chiquitas, que han de saber honrarlo.\u201d<\/p>\n<p style=\"text-align: justify;\">La magia del momento se amplificaba por el silencio de todas, la oscuridad que nos rodeaba y el susurro de su voz. En esa magia quedamos atrapadas y nos retiramos, una a una, estrechadas en su abrazo.<\/p>\n<p style=\"text-align: justify;\">Creo, que en ese instante de aquella madrugada, se cifra el exquisito universo de su obra pedag\u00f3gica precursora y revolucionaria y el de su persona. Ser, decir y hacer, en ella, unidad sin fisuras ni contradicciones.<\/p>\n<p style=\"text-align: justify;\">Creo, que ah\u00ed aprendimos, lo que s\u00f3lo m\u00e1s tarde, con los a\u00f1os, pudimos comprender. Sin lectura de reglamentos, sin advertencias ni amenazas, sin argumentos intimidantes, en aquel paseo nocturno y solitario, inocul\u00f3 en el en\u00e9rgico torrente, caudal de adolescentes, la noci\u00f3n de pertenencia e identidad, de responsabilidad y compromiso.<\/p>\n<p style=\"text-align: justify;\">Lo hizo como ella sab\u00eda hacer las cosas\u2026en la vivencia cabal y sensible, a trav\u00e9s de lo que estaba a nuestro alcance percibir, como la creadora que era, como una artista. En el silencio, para que s\u00f3lo lo esencial y verdaderamente importante pudiera o\u00edrse; en la oscuridad, para ver mejor. Con amor. Con respeto. Con confianza. Su apuesta era clara: sacar de cada una de nosotras lo mejor de nosotras mismas, al salir en aquel\u00a0 viaje, que era nada m\u00e1s que la met\u00e1fora de salir a la vida. Amor, respeto y confianza como cimientos de una ense\u00f1anza en la que ella nos entregaba su tiempo, su noche, su aurora.<\/p>\n<p style=\"text-align: justify;\">Muchos a\u00f1os m\u00e1s tarde, en\u00a0 una charla que tuvimos ante un problema que parec\u00eda no tener soluci\u00f3n me dijo, tranquiliz\u00e1ndome: \u201cYo conf\u00edo en la gente mi querida. Yo creo en las personas.\u201d Y volv\u00ed a sentir esa apuesta fuerte que empezaba con su entrega y en la que su mejor carta, era creer en el otro. Me parece que esta fue parte de su religi\u00f3n.<\/p>\n<p style=\"text-align: justify;\">Pienso en la figura del pedagogo griego, en el acompa\u00f1amiento a un disc\u00edpulo, al que alienta a vivir, a experimentar, a pensar\u2026 y al que sin decirle qui\u00e9n debe ser, lo gu\u00eda, lo interpela, para que \u00e9l mismo alcance ese descubrimiento.<\/p>\n<p style=\"text-align: justify;\">Creo que para ella la escuela debe haber sido la encarnaci\u00f3n de aquella idea\u2026<\/p>\n<p style=\"text-align: justify;\">Vuelvo a la sensaci\u00f3n de fracaso. Podr\u00eda seguir hablando porque lo dicho es insuficiente\u2026 pero las palabras se transformar\u00edan en ruido y estar\u00eda contrariando su vocaci\u00f3n de austeridad y de esa sobriedad inquebrantable que la caracterizaba.<\/p>\n<p style=\"text-align: justify;\">Solo voy agregar:<\/p>\n<p style=\"text-align: justify;\">&#8211; En nombre de\u00a0 toda la escuela Sarmiento, en nombre de cada alumna de cada generaci\u00f3n educada de tu mano, en nombre de cada docente que se form\u00f3 con tu palabra y con tu ejemplo, ha sido un invaluable privilegio conocerte Sra. Mar\u00eda Elena.<\/p>\n<p style=\"text-align: right;\"><span style=\"font-size: 12pt;\"><strong>Marcela Estrada<\/strong><\/span><\/p>\n<p style=\"text-align: right;\"><span style=\"font-size: 10pt;\"><strong>25 de abril de 2017, Tucum\u00e1n<\/strong><\/span><\/p>\n","protected":false},"excerpt":{"rendered":"<p>Homenaje realizado en la escuela Sarmiento el d\u00eda 08.09.17 \ufeff Despedida a la Se\u00f1ora Mar\u00eda Elena Dappe de Cuenya Hac\u00eda mucho tiempo que no sent\u00eda tanta y tan enorme responsabilidad por tener que decir unas palabras. Responsabilidad que, por otra parte, asumo con inmenso orgullo. Intent\u00e9 descifrar el desasosiego que me invad\u00eda al pensar qu\u00e9 &#8230; <a title=\"Homenaje a la Se\u00f1ora Mar\u00eda Elena\" class=\"read-more\" href=\"https:\/\/elvs-tuc.infd.edu.ar\/sitio\/maria-elena-dappe\/\" aria-label=\"More on Homenaje a la Se\u00f1ora Mar\u00eda Elena\">[+]<\/a><\/p>\n","protected":false},"author":275,"featured_media":0,"parent":0,"menu_order":0,"comment_status":"closed","ping_status":"closed","template":"","meta":[],"acf":[],"_links":{"self":[{"href":"https:\/\/elvs-tuc.infd.edu.ar\/sitio\/wp-json\/wp\/v2\/pages\/963"}],"collection":[{"href":"https:\/\/elvs-tuc.infd.edu.ar\/sitio\/wp-json\/wp\/v2\/pages"}],"about":[{"href":"https:\/\/elvs-tuc.infd.edu.ar\/sitio\/wp-json\/wp\/v2\/types\/page"}],"author":[{"embeddable":true,"href":"https:\/\/elvs-tuc.infd.edu.ar\/sitio\/wp-json\/wp\/v2\/users\/275"}],"replies":[{"embeddable":true,"href":"https:\/\/elvs-tuc.infd.edu.ar\/sitio\/wp-json\/wp\/v2\/comments?post=963"}],"version-history":[{"count":13,"href":"https:\/\/elvs-tuc.infd.edu.ar\/sitio\/wp-json\/wp\/v2\/pages\/963\/revisions"}],"predecessor-version":[{"id":6737,"href":"https:\/\/elvs-tuc.infd.edu.ar\/sitio\/wp-json\/wp\/v2\/pages\/963\/revisions\/6737"}],"wp:attachment":[{"href":"https:\/\/elvs-tuc.infd.edu.ar\/sitio\/wp-json\/wp\/v2\/media?parent=963"}],"curies":[{"name":"wp","href":"https:\/\/api.w.org\/{rel}","templated":true}]}}

Homenaje a la Señora María Elena

<p><strong><span style="font-size: 12pt; color: #ff6600;">Homenaje realizado en la escuela Sarmiento el día 08.09.17</span></strong></p>
<p><iframe loading="lazy" src="https://player.vimeo.com/video/233357090?wmode=transparent" width="640" height="360" frameborder="0" allowfullscreen="allowfullscreen" data-mce-fragment="1"><span data-mce-type="bookmark" style="display: inline-block; width: 0px; overflow: hidden; line-height: 0;" class="mce_SELRES_start">﻿</span></iframe></p>
<hr />
<p><span style="font-size: 12pt;"><strong>Despedida a la Señora María Elena Dappe de Cuenya</strong></span></p>
<p style="text-align: justify;">Hacía mucho tiempo que no sentía tanta y tan enorme responsabilidad por tener que decir unas palabras. Responsabilidad que, por otra parte, asumo con inmenso orgullo.</p>
<p style="text-align: justify;">Intenté descifrar el desasosiego que me invadía al pensar qué decir, y empecé a serenarme cuando acepté la idea del fracaso.</p>
<p style="text-align: justify;">Sé que lo que diga, siempre será insuficiente, incompleto, inacabado. Por mis propias limitaciones, obviamente, pero sobre todo por la hondura y la vastedad de la persona a la que debo referirme.</p>
<p style="text-align: justify;">Y pudiendo elegir para hacerlo, entre  su obra, su trayectoria, sus rasgos personales, su pensamiento o su carácter y una interminable serie de palabras pertinentes y representativas todas, preferí quedarme con el pequeño pero elocuente relato de una experiencia personal.</p>
<p style="text-align: justify;">Siendo adolescente, y a punto de partir de viaje con mis compañeras, debíamos reunirnos en la escuela a la madrugada. Ella nos esperaba sola, hasta que llegáramos todas y el colectivo nos llevara.</p>
<p style="text-align: justify;">Era en septiembre, en esa hora en que la noche dura todavía. La escuela estaba en absoluta oscuridad y solo la tenue claridad que proyecta la luna nos iluminaba. Ella no encendió ninguna lámpara. Nos reunió en la galería de la biblioteca y tomó con sus manos a las que estábamos más cerca. Nos invitó a recorrer la escuela en silencio y a oscuras.</p>
<p style="text-align: justify;">Nos pidió que aspirásemos profundo el aroma de los azahares; que escuchásemos los sonidos de la noche…. los crujidos, algunos aleteos, las ramas mecidas por el viento. Nos dijo que mirásemos la grandeza del San Antonio; que sintiéramos su presencia majestuosa. Nos habló de esas galerías rigurosas en sus arcos y repetía: “Sientan, sientan aquí” poniéndose la mano en el pecho… “no digan nada… sientan este lugar que es de ustedes, mis chiquitas… porque todas estas presencias las han cobijado, las han visto crecer…”</p>
<p style="text-align: justify;">Recuerdo, de esa noche inmensa, la calidez y la firmeza de su voz, casi secreta.</p>
<p style="text-align: justify;">“Esto es lo que ustedes se llevan dentro, nos dijo, cuando salgan de aquí. Estoy segura, mis chiquitas, que han de saber honrarlo.”</p>
<p style="text-align: justify;">La magia del momento se amplificaba por el silencio de todas, la oscuridad que nos rodeaba y el susurro de su voz. En esa magia quedamos atrapadas y nos retiramos, una a una, estrechadas en su abrazo.</p>
<p style="text-align: justify;">Creo, que en ese instante de aquella madrugada, se cifra el exquisito universo de su obra pedagógica precursora y revolucionaria y el de su persona. Ser, decir y hacer, en ella, unidad sin fisuras ni contradicciones.</p>
<p style="text-align: justify;">Creo, que ahí aprendimos, lo que sólo más tarde, con los años, pudimos comprender. Sin lectura de reglamentos, sin advertencias ni amenazas, sin argumentos intimidantes, en aquel paseo nocturno y solitario, inoculó en el enérgico torrente, caudal de adolescentes, la noción de pertenencia e identidad, de responsabilidad y compromiso.</p>
<p style="text-align: justify;">Lo hizo como ella sabía hacer las cosas…en la vivencia cabal y sensible, a través de lo que estaba a nuestro alcance percibir, como la creadora que era, como una artista. En el silencio, para que sólo lo esencial y verdaderamente importante pudiera oírse; en la oscuridad, para ver mejor. Con amor. Con respeto. Con confianza. Su apuesta era clara: sacar de cada una de nosotras lo mejor de nosotras mismas, al salir en aquel  viaje, que era nada más que la metáfora de salir a la vida. Amor, respeto y confianza como cimientos de una enseñanza en la que ella nos entregaba su tiempo, su noche, su aurora.</p>
<p style="text-align: justify;">Muchos años más tarde, en  una charla que tuvimos ante un problema que parecía no tener solución me dijo, tranquilizándome: “Yo confío en la gente mi querida. Yo creo en las personas.” Y volví a sentir esa apuesta fuerte que empezaba con su entrega y en la que su mejor carta, era creer en el otro. Me parece que esta fue parte de su religión.</p>
<p style="text-align: justify;">Pienso en la figura del pedagogo griego, en el acompañamiento a un discípulo, al que alienta a vivir, a experimentar, a pensar… y al que sin decirle quién debe ser, lo guía, lo interpela, para que él mismo alcance ese descubrimiento.</p>
<p style="text-align: justify;">Creo que para ella la escuela debe haber sido la encarnación de aquella idea…</p>
<p style="text-align: justify;">Vuelvo a la sensación de fracaso. Podría seguir hablando porque lo dicho es insuficiente… pero las palabras se transformarían en ruido y estaría contrariando su vocación de austeridad y de esa sobriedad inquebrantable que la caracterizaba.</p>
<p style="text-align: justify;">Solo voy agregar:</p>
<p style="text-align: justify;">&#8211; En nombre de  toda la escuela Sarmiento, en nombre de cada alumna de cada generación educada de tu mano, en nombre de cada docente que se formó con tu palabra y con tu ejemplo, ha sido un invaluable privilegio conocerte Sra. María Elena.</p>
<p style="text-align: right;"><span style="font-size: 12pt;"><strong>Marcela Estrada</strong></span></p>
<p style="text-align: right;"><span style="font-size: 10pt;"><strong>25 de abril de 2017, Tucumán</strong></span></p>

<p>Homenaje realizado en la escuela Sarmiento el día 08.09.17 ﻿ Despedida a la Señora María Elena Dappe de Cuenya Hacía mucho tiempo que no sentía tanta y tan enorme responsabilidad por tener que decir unas palabras. Responsabilidad que, por otra parte, asumo con inmenso orgullo. Intenté descifrar el desasosiego que me invadía al pensar qué &#8230; <a title="Homenaje a la Señora María Elena" class="read-more" href="https://elvs-tuc.infd.edu.ar/sitio/maria-elena-dappe/" aria-label="More on Homenaje a la Señora María Elena">[+]</a></p>
