{"id":934,"date":"2018-08-31T17:37:44","date_gmt":"2018-08-31T20:37:44","guid":{"rendered":"https:\/\/elvs-tuc.infd.edu.ar\/sitio\/historia\/"},"modified":"2023-02-22T14:53:14","modified_gmt":"2023-02-22T17:53:14","slug":"historia","status":"publish","type":"page","link":"https:\/\/elvs-tuc.infd.edu.ar\/sitio\/historia\/","title":{"rendered":"Historia"},"content":{"rendered":"<h6><img decoding=\"async\" loading=\"lazy\" class=\"alignnone wp-image-2416\" src=\"https:\/\/elvs-tuc.infd.edu.ar\/sitio\/wp-content\/uploads\/2020\/07\/hHISTORIA-1000x73.png\" alt=\"\" width=\"1288\" height=\"94\" srcset=\"https:\/\/elvs-tuc.infd.edu.ar\/sitio\/wp-content\/uploads\/2020\/07\/hHISTORIA.png 1000w, https:\/\/elvs-tuc.infd.edu.ar\/sitio\/wp-content\/uploads\/2020\/07\/hHISTORIA-768x56.png 768w\" sizes=\"(max-width: 1288px) 100vw, 1288px\" \/><\/h6>\n<h6>La Escuela y Liceo Vocacional Sarmiento es una instituci\u00f3n educativa dependiente de la Universidad Nacional de Tucum\u00e1n. Su estructura abarca desde el Nivel Inicial hasta el Nivel Superior que incluye dos Carreras de Formaci\u00f3n Docente.<\/h6>\n<h6>Como instituci\u00f3n escolar, se conforma social y culturalmente de manera compleja. Para comprender mejor su presente y pensar su ma\u00f1ana, se debe recordar su historia, su contrato fundacional y el mandato social que le otorgaron sus iniciadores. El an\u00e1lisis cr\u00edtico de lo que ha sido y de lo que podr\u00eda llegar a ser, impulsa la b\u00fasqueda de la resoluci\u00f3n de problemas sin desconocer que las ideas que se generan van a implicar nuevos desaf\u00edos.<\/h6>\n<h5><strong>Historia<\/strong><\/h5>\n<h6><strong><span style=\"color: #ff6600;\">1904<\/span>: <\/strong>Se funda como \u00abEscuela Provincial Sarmiento\u00bb, dependiente del Consejo de Educaci\u00f3n de la Provincia; su finalidad era la de formar \u00abAyudantes para la Escuela de Campa\u00f1a\u00bb.<\/h6>\n<h6><strong><span style=\"color: #ff6600;\">1914<\/span>: <\/strong>La Escuela es anexada a la naciente Universidad de Tucum\u00e1n por iniciativa del Dr. Juan B. Ter\u00e1n, mediante un decreto del 4 de mayo de 1914 del Gobierno de la Provincia &#8211; siendo gobernador el Dr. Ernesto Padilla- con el nombre de Escuela Superior Pedag\u00f3gica Sarmiento. Egresan Maestras Normales con un plan de estudios de 4 a\u00f1os (educaci\u00f3n media).<\/h6>\n<h6><strong><span style=\"color: #ff6600;\">1915<\/span>:\u00a0<\/strong>Se establece un plan con 4 a\u00f1os de estudios para la formaci\u00f3n de Maestras Normales, y uno de 3 a\u00f1os, para Preceptoras. Es escuela mixta desde 1er. Grado. Luego egresan las primeras Maestras con t\u00edtulos de validez provincial.<\/h6>\n<h6><strong><span style=\"color: #ff6600;\">1919<\/span>:\u00a0<\/strong>Se crean los cursos de Secretariado Comercial y de Econom\u00eda Dom\u00e9stica.<\/h6>\n<h6><strong><span style=\"color: #ff6600;\">1921<\/span>:\u00a0<\/strong>El inmueble de la Escuela, ubicado en Virgen de la Merced 29, es transferido a la Universidad ya nacionalizada mediante un convenio entre el Poder Ejecutivo Provincial y el Poder Ejecutivo Nacional.<\/h6>\n<h6><strong><span style=\"color: #ff6600;\">1925<\/span>:\u00a0<\/strong>Se suprime la preparaci\u00f3n de Maestras Normales. Se aprueban planes con cinco a\u00f1os de estudios para especializaci\u00f3n en Ciencias Dom\u00e9sticas y en Lengua Vivas.<\/h6>\n<h6><strong><span style=\"color: #ff6600;\">1927<\/span>:\u00a0<\/strong>Se modifican nuevamente los planes de estudios; se suprimen los cursos de Lenguas Vivas y se reducen a 4 a\u00f1os los estudios de Ciencias Dom\u00e9sticas, otorg\u00e1ndose el t\u00edtulo de Profesores a los egresados de esta \u00faltima carrera.<\/h6>\n<h6><strong><span style=\"color: #ff6600;\">1932<\/span>:\u00a0<\/strong>Se aprueba, por Decreto del Poder Ejecutivo, un nuevo Plan de Estudios. Se opera una radical transformaci\u00f3n en m\u00e9todos y formas de ense\u00f1anza. La Escuela se convierte en centro de investigaci\u00f3n pedag\u00f3gica con la aplicaci\u00f3n de los principios de Educaci\u00f3n Nueva. Se aprueba el Reglamento General. Se establece un plan de estudios de 5 a\u00f1os con dos ciclos (educaci\u00f3n media), el 2\u00b0 Ciclo de Formaci\u00f3n de Magisterio. El t\u00edtulo que se otorga es el de \u201cMaestra Normal Nacional\u201d.<\/h6>\n<h6><strong><span style=\"color: #ff6600;\">1946<\/span>:\u00a0<\/strong>Se crea la Divisi\u00f3n Experimental en 1\u00ba a\u00f1o de la Escuela Secundaria como v\u00eda de ensayo para futuras reformas en esta Escuela.<\/h6>\n<h6><strong><span style=\"color: #ff6600;\">1947<\/span>:\u00a0<\/strong>Se modifica su nombre por el de \u201cEscuela y Liceo Vocacional Sarmiento\u201d. Se aprueba un nuevo Reglamento General y se modifica su Plan de Estudios. Se implementa la rotaci\u00f3n de profesores en disciplinas afines y se crean las categor\u00edas de profesores tutores y adjutores. Se aprueba la creaci\u00f3n del Magisterio post-secundario con dos a\u00f1os de estudios que se llev\u00f3 a la realidad en una reforma posterior de planes.<\/h6>\n<h6><strong><span style=\"color: #ff6600;\">1949<\/span>: <\/strong>Se cumple con lo previsto en la reforma anterior, implement\u00e1ndose el Magisterio de dos a\u00f1os posteriores al Bachillerato, que otorga el t\u00edtulo de \u201cMaestra Normal y de Jardines de Infantes\u201d.<\/h6>\n<h6><strong><span style=\"color: #ff6600;\">1959<\/span>:<\/strong> Se aprueba el nuevo Plan de Estudios elaborado bajo el mismo imperativo que impulsara a la reforma de 1932, con la misma fe y el mismo fervor de los maestros que creyeron y trabajaron para que la Escuela alcanzara el destino para el que fue creada. La Carrera de \u201cMagisterio\u201d ocup\u00f3 siempre una preferente atenci\u00f3n, se reajustan materias y horarios, pero se sigue manteniendo como una especializaci\u00f3n de dos a\u00f1os post secundarios como se estableci\u00f3 en la Reforma de 1949. Las egresadas obten\u00edan el t\u00edtulo de \u201cMaestra Normal Superior de Educaci\u00f3n Primaria y Jardines de Infantes\u201d.<\/h6>\n<h6><strong><span style=\"color: #ff6600;\">1997<\/span>: <\/strong>Se dise\u00f1a una nueva propuesta de Formaci\u00f3n Docente que se implementa a partir del a\u00f1o 1998, enmarcada en las prescripciones de La Ley Federal de Educaci\u00f3n y en los decretos que la reglamentaron. El nuevo Plan de Estudios, de tres a\u00f1os de duraci\u00f3n incorpora las siguientes carreras: el Profesorado en Educaci\u00f3n Inicial y el Profesorado para el Primer y Segundo Ciclo de la EGB<\/h6>\n<h6><strong><span style=\"color: #ff6600;\">2008<\/span>:<\/strong> Se establece un nuevo Plan de Estudios, siguiendo las pautas de la Ley de Educaci\u00f3n Nacional N\u00ba 26.206, con una duraci\u00f3n de 4 a\u00f1os. Cambia de nombre el profesorado para el Primer y Segundo Ciclo de EGB a Profesorado en Educaci\u00f3n Primaria.<\/h6>\n<h6><strong><span style=\"color: #ff6600;\">2016<\/span>: <\/strong>Se inicia el Proyecto de Coeducaci\u00f3n.<\/h6>\n<p><body ondragstart=\"return false\" onselectstart=\"return false\" oncontextmenu=\"return false\"><\/p>\n","protected":false},"excerpt":{"rendered":"<p>La Escuela y Liceo Vocacional Sarmiento es una instituci\u00f3n educativa dependiente de la Universidad Nacional de Tucum\u00e1n. Su estructura abarca desde el Nivel Inicial hasta el Nivel Superior que incluye dos Carreras de Formaci\u00f3n Docente. Como instituci\u00f3n escolar, se conforma social y culturalmente de manera compleja. Para comprender mejor su presente y pensar su ma\u00f1ana, &#8230; <a title=\"Historia\" class=\"read-more\" href=\"https:\/\/elvs-tuc.infd.edu.ar\/sitio\/historia\/\" aria-label=\"More on Historia\">[+]<\/a><\/p>\n","protected":false},"author":275,"featured_media":0,"parent":0,"menu_order":0,"comment_status":"closed","ping_status":"closed","template":"","meta":[],"acf":[],"_links":{"self":[{"href":"https:\/\/elvs-tuc.infd.edu.ar\/sitio\/wp-json\/wp\/v2\/pages\/934"}],"collection":[{"href":"https:\/\/elvs-tuc.infd.edu.ar\/sitio\/wp-json\/wp\/v2\/pages"}],"about":[{"href":"https:\/\/elvs-tuc.infd.edu.ar\/sitio\/wp-json\/wp\/v2\/types\/page"}],"author":[{"embeddable":true,"href":"https:\/\/elvs-tuc.infd.edu.ar\/sitio\/wp-json\/wp\/v2\/users\/275"}],"replies":[{"embeddable":true,"href":"https:\/\/elvs-tuc.infd.edu.ar\/sitio\/wp-json\/wp\/v2\/comments?post=934"}],"version-history":[{"count":17,"href":"https:\/\/elvs-tuc.infd.edu.ar\/sitio\/wp-json\/wp\/v2\/pages\/934\/revisions"}],"predecessor-version":[{"id":8170,"href":"https:\/\/elvs-tuc.infd.edu.ar\/sitio\/wp-json\/wp\/v2\/pages\/934\/revisions\/8170"}],"wp:attachment":[{"href":"https:\/\/elvs-tuc.infd.edu.ar\/sitio\/wp-json\/wp\/v2\/media?parent=934"}],"curies":[{"name":"wp","href":"https:\/\/api.w.org\/{rel}","templated":true}]}}