{"id":7887,"date":"2022-11-17T21:14:05","date_gmt":"2022-11-18T00:14:05","guid":{"rendered":"https:\/\/elvs-tuc.infd.edu.ar\/sitio\/?page_id=7887"},"modified":"2026-03-25T02:01:56","modified_gmt":"2026-03-25T05:01:56","slug":"inscripcion-online-de-aspirantes-para-carreras-de-fd-ciclo-lectivo-2026","status":"publish","type":"page","link":"https:\/\/elvs-tuc.infd.edu.ar\/sitio\/inscripcion-online-de-aspirantes-para-carreras-de-fd-ciclo-lectivo-2026\/","title":{"rendered":"inscripci\u00f3n online de aspirantes para Carreras de FD ciclo lectivo 2026"},"content":{"rendered":"<p><img decoding=\"async\" loading=\"lazy\" class=\"alignnone size-full wp-image-13626\" src=\"https:\/\/elvs-tuc.infd.edu.ar\/sitio\/wp-content\/uploads\/2025\/11\/FD-inscripcion-interna-26.jpg\" alt=\"\" width=\"900\" height=\"200\" srcset=\"https:\/\/elvs-tuc.infd.edu.ar\/sitio\/wp-content\/uploads\/2025\/11\/FD-inscripcion-interna-26.jpg 900w, https:\/\/elvs-tuc.infd.edu.ar\/sitio\/wp-content\/uploads\/2025\/11\/FD-inscripcion-interna-26-768x171.jpg 768w\" sizes=\"(max-width: 900px) 100vw, 900px\" \/><\/p>\n<hr \/>\n<h5><strong>LA <span style=\"color: #ff6600;\">REUNI\u00d3N INFORMATIVA<\/span> SE REALIZAR\u00c1 EL 18 DE DICIEMBRE DE 2025, A LAS 10.00 HORAS EN LA ESCUELA.<\/strong><\/h5>\n<hr \/>\n<h5><span style=\"color: #ff6600;\"><strong>MATERIAL DE ESTUDIO EN FORMATO <span style=\"color: #ff6600;\">DIGITAL\u00a0<\/span><\/strong><\/span><\/h5>\n<p><strong><div  class=\"lgc-column lgc-grid-parent lgc-grid-33 lgc-tablet-grid-33 lgc-mobile-grid-33 lgc-equal-heights \"><div  class=\"inside-grid-column\">\n<p><a href=\"https:\/\/drive.google.com\/file\/d\/1Vp8XJY9eFZEO2Ej9IjkKvV2I7FGv6avC\/view?usp=sharing\" target=\"_blank\" rel=\"noopener\"><img decoding=\"async\" loading=\"lazy\" class=\"alignnone wp-image-2756\" src=\"https:\/\/elvs-tuc.infd.edu.ar\/sitio\/wp-content\/uploads\/2020\/11\/cuadernillo-lengua.jpg\" alt=\"\" width=\"200\" height=\"289\" \/><\/a><\/p>\n<p><\/p><\/div><\/div>\n<p><strong><div  class=\"lgc-column lgc-grid-parent lgc-grid-33 lgc-tablet-grid-33 lgc-mobile-grid-33 lgc-equal-heights \"><div  class=\"inside-grid-column\">\n<p><a href=\"https:\/\/drive.google.com\/file\/d\/1umvKQTjSv17zR-nP5G3HUrolrtuSAR0z\/view?usp=sharing\" target=\"_blank\" rel=\"noopener\"><img decoding=\"async\" loading=\"lazy\" class=\"alignnone wp-image-2757\" src=\"https:\/\/elvs-tuc.infd.edu.ar\/sitio\/wp-content\/uploads\/2020\/11\/cuadernillo-matem\u00e1tica.jpg\" alt=\"\" width=\"200\" height=\"289\" \/><\/a><\/p>\n<p><\/p><\/div><\/div>\n<p><strong><div  class=\"lgc-column lgc-grid-parent lgc-grid-33 lgc-tablet-grid-33 lgc-mobile-grid-33 lgc-equal-heights \"><div  class=\"inside-grid-column\">\n<p><\/p><\/div><\/div>\n<hr \/>\n<h5><span style=\"color: #ff6600;\">REQUISITOS<\/span><\/h5>\n<h5><strong>\u00a0Para completar el formulario de inscripci\u00f3n, es necesario que tenga activa\/habilitada una cuenta de correo de gmail. Durante este proceso, se le solicitar\u00e1 la siguiente documentaci\u00f3n digital para adjuntar (im\u00e1genes jpg o pdf). T\u00e9ngala a mano.<\/strong><\/h5>\n<ul>\n<li>\n<h5><strong> Acta de Nacimiento. <\/strong>La fecha de emisi\u00f3n no debe superar el a\u00f1o.<\/h5>\n<\/li>\n<li>\n<h5><strong> D. N. I.<\/strong><\/h5>\n<\/li>\n<li>\n<h5><strong> T\u00edtulo o constancia de finalizaci\u00f3n del Secundario.<\/strong><\/h5>\n<\/li>\n<li>\n<h5><strong>Comprobante de pago. Para solventar gastos administrativos, deber\u00e1 abonar $20.000 mediante dep\u00f3sito en la Cuenta de Recursos Propios de la Instituci\u00f3n. Cuenta Corriente N\u00ba 19253-8 089-4 del Banco Galicia o bien, a trav\u00e9s de transferencia CBU N\u00ba 00700894-20000019253846. Alias: ESCUELA.SARMIENTO<\/strong><\/h5>\n<\/li>\n<\/ul>\n<hr \/>\n<p><strong>EL FORMULARIO DE INSCRIPCI\u00d3N SE HABILITAR\u00c1 DEL 18 AL 20 DE FEBRERO DE 2026<\/strong><\/p>\n<p>\u00a0 \u00a0 \u00a0 \u00a0 \u00a0 \u00a0 \u00a0 <a href=\"https:\/\/forms.gle\/1PRFXQpvPoFDFiXa9\" target=\"_blank\" rel=\"noopener\"><img decoding=\"async\" loading=\"lazy\" class=\"alignnone wp-image-3082\" src=\"https:\/\/elvs-tuc.infd.edu.ar\/sitio\/wp-content\/uploads\/2020\/12\/boton.png\" alt=\"\" width=\"315\" height=\"88\" \/><\/a><\/p>\n<h5><strong>La inscripci\u00f3n online se har\u00e1 efectiva una vez que: complete el formulario y adjunte la documentaci\u00f3n digital solicitada. Tambi\u00e9n resulta oportuno aclarar que, ante casos de documentaci\u00f3n faltante o de alg\u00fan tipo de irregularidad, el pago no genera derecho de inscripci\u00f3n y el dinero no se reintegra.<\/strong><\/h5>\n<hr \/>\n<h5><span style=\"color: #ff6600;\"><strong>CRONOGRAMA DE CONSULTAS Y APOYO DOCENTE PARA ASPIRANTES.\u00a0<\/strong><\/span> <strong>24 y 25 de febrero de 2026.<\/strong><\/h5>\n<p><strong>Consulta de Matem\u00e1tica (obligatoria)<\/strong><\/p>\n<ul>\n<li><strong>1er. Turno: martes 24\/02 a las 08:30 horas (Apellidos de la A hasta la L)<\/strong><\/li>\n<li><strong>2do. Turno: martes 24\/02 a las 10:30 horas (Apellidos de la M hasta Z)<\/strong><\/li>\n<\/ul>\n<p><strong>Consulta de Lengua (obligatoria)<\/strong><\/p>\n<ul>\n<li><strong>1er. Turno: mi\u00e9rcoles 25\/02 a las 08:00 horas (Apellidos de la A hasta L)<\/strong><\/li>\n<li><strong>2do. Turno: mi\u00e9rcoles 25\/02 a las 10:00 horas (Apellidos de la M hasta Z)<\/strong><\/li>\n<\/ul>\n<hr \/>\n<h5><span style=\"color: #ff6600;\"><strong>LOS EX\u00c1MENES DE INGRESO SE REALIZAR\u00c1N EN LAS SIGUIENTES FECHAS<\/strong><\/span><\/h5>\n<ul>\n<li><strong>Matem\u00e1tica: martes 3 de marzo, de 09:00 a 11:00 horas.<\/strong><\/li>\n<li><strong>Lengua: mi\u00e9rcoles 4 de marzo, de 09:00 a 11:00 horas.<\/strong><\/li>\n<li><strong>Reuni\u00f3n informativa sobre el Taller de Entrevista: mi\u00e9rcoles 4 de marzo, de 11:30 a 12:15 horas, al finalizar el examen de Lengua.<\/strong><\/li>\n<\/ul>\n<hr \/>\n<h5><span style=\"color: #ff6600;\"><strong>EXPOSICI\u00d3N DE RESULTADOS DE LOS EX\u00c1MENES DE LENGUA Y <span style=\"color: #ff6600;\">MATEM\u00c1TICA<\/span><\/strong><\/span><\/h5>\n<p><strong>viernes 13 de marzo, a partir de las 12:00 horas.<\/strong><\/p>\n<p><strong>Para visualizar la n\u00f3mina de aspirantes que aprobaron lengua y matem\u00e1tica, haga <a href=\"https:\/\/elvs-tuc.infd.edu.ar\/sitio\/nomina-de-aspirantes-que-aprobaron-lengua-y-matematica\/\" target=\"_blank\" rel=\"noopener\">clic ac\u00e1<\/a><\/strong><\/p>\n<hr \/>\n<h5><span style=\"color: #ff6600;\"><strong>TALLER DE ENTREVISTAS<\/strong><\/span><\/h5>\n<p><strong>Para visualizar la consigna y el cronograma de entrevistas, haga <a href=\"https:\/\/elvs-tuc.infd.edu.ar\/sitio\/taller-de-entrevistas-de-ingreso-2026\/\" target=\"_blank\" rel=\"noopener\">clic ac\u00e1<\/a><\/strong><\/p>\n<p><strong>Las entrevistas se realizar\u00e1n durante la semana del 16 al 20 de marzo.<\/strong><\/p>\n<hr \/>\n<p><span style=\"color: #ff6600;\"><strong>EXPOSICI\u00d3N DE LA N\u00d3MINA DE INGRESANTES: <span style=\"color: #000000;\">mi\u00e9rcoles 25 de marzo.<\/span><\/strong><\/span><\/p>\n<p>Para visualizar la n\u00f3mina de ingresantes, haga <a href=\"https:\/\/elvs-tuc.infd.edu.ar\/sitio\/nomina-de-ingresantes-a-la-fd\/\" target=\"_blank\" rel=\"noopener\">clic ac\u00e1<\/a><\/p>\n<hr \/>\n<p><strong><span style=\"color: #ff6600;\">PREINSCRIPCI\u00d3N EN EL SIU GUARAN\u00cd:<\/span><\/strong> <strong>26\/03<\/strong>. Acceda haciendo <a href=\"https:\/\/ee.guarani.unt.edu.ar\/preinscripcion\/sarmiento\/?__o=\" target=\"_blank\" rel=\"noopener\">clic ac\u00e1.<\/a><\/p>\n<p><strong><span style=\"color: #ff6600;\">INSCRIPCI\u00d3N A PROPUESTA<\/span><\/strong>: <strong>27\/03<\/strong>. De 08:00 a 11:00 horas Para realizar este tr\u00e1mite, deber\u00e1 presentar en la Oficina de Formaci\u00f3n Docente la siguiente documentaci\u00f3n:<\/p>\n<ul>\n<li>\n<p><strong>Comprobante de preinscripci\u00f3n en el SIU Guaran\u00ed<\/strong><\/p>\n<\/li>\n<li>\n<p><strong>Acta de Nacimiento <\/strong><\/p>\n<\/li>\n<li>\n<p><strong>D.N. I.<\/strong><\/p>\n<\/li>\n<li>\n<p><strong>2 fotos carnet.<\/strong><\/p>\n<\/li>\n<li>\n<p><strong>T\u00edtulo o constancia de finalizaci\u00f3n del Secundario.<\/strong><\/p>\n<\/li>\n<\/ul>\n<p><body ondragstart=\"return false\" onselectstart=\"return false\" oncontextmenu=\"return false\"><\/p>\n","protected":false},"excerpt":{"rendered":"<p>LA REUNI\u00d3N INFORMATIVA SE REALIZAR\u00c1 EL 18 DE DICIEMBRE DE 2025, A LAS 10.00 HORAS EN LA ESCUELA. MATERIAL DE ESTUDIO EN FORMATO DIGITAL\u00a0 REQUISITOS \u00a0Para completar el formulario de inscripci\u00f3n, es necesario que tenga activa\/habilitada una cuenta de correo de gmail. Durante este proceso, se le solicitar\u00e1 la siguiente documentaci\u00f3n digital para adjuntar (im\u00e1genes &#8230; <a title=\"inscripci\u00f3n online de aspirantes para Carreras de FD ciclo lectivo 2026\" class=\"read-more\" href=\"https:\/\/elvs-tuc.infd.edu.ar\/sitio\/inscripcion-online-de-aspirantes-para-carreras-de-fd-ciclo-lectivo-2026\/\" aria-label=\"More on inscripci\u00f3n online de aspirantes para Carreras de FD ciclo lectivo 2026\">[+]<\/a><\/p>\n","protected":false},"author":275,"featured_media":0,"parent":0,"menu_order":0,"comment_status":"closed","ping_status":"closed","template":"","meta":[],"acf":[],"_links":{"self":[{"href":"https:\/\/elvs-tuc.infd.edu.ar\/sitio\/wp-json\/wp\/v2\/pages\/7887"}],"collection":[{"href":"https:\/\/elvs-tuc.infd.edu.ar\/sitio\/wp-json\/wp\/v2\/pages"}],"about":[{"href":"https:\/\/elvs-tuc.infd.edu.ar\/sitio\/wp-json\/wp\/v2\/types\/page"}],"author":[{"embeddable":true,"href":"https:\/\/elvs-tuc.infd.edu.ar\/sitio\/wp-json\/wp\/v2\/users\/275"}],"replies":[{"embeddable":true,"href":"https:\/\/elvs-tuc.infd.edu.ar\/sitio\/wp-json\/wp\/v2\/comments?post=7887"}],"version-history":[{"count":232,"href":"https:\/\/elvs-tuc.infd.edu.ar\/sitio\/wp-json\/wp\/v2\/pages\/7887\/revisions"}],"predecessor-version":[{"id":14972,"href":"https:\/\/elvs-tuc.infd.edu.ar\/sitio\/wp-json\/wp\/v2\/pages\/7887\/revisions\/14972"}],"wp:attachment":[{"href":"https:\/\/elvs-tuc.infd.edu.ar\/sitio\/wp-json\/wp\/v2\/media?parent=7887"}],"curies":[{"name":"wp","href":"https:\/\/api.w.org\/{rel}","templated":true}]}}