{"id":6602,"date":"2022-06-22T23:58:28","date_gmt":"2022-06-23T02:58:28","guid":{"rendered":"https:\/\/elvs-tuc.infd.edu.ar\/sitio\/?page_id=6602"},"modified":"2024-07-26T21:24:57","modified_gmt":"2024-07-27T00:24:57","slug":"padron-del-estamento-padres","status":"publish","type":"page","link":"https:\/\/elvs-tuc.infd.edu.ar\/sitio\/padron-del-estamento-padres\/","title":{"rendered":"Padr\u00f3n del estamento PADRES"},"content":{"rendered":"<h5>Padr\u00f3n del estamento <span style=\"color: #000080;\">PADRES <\/span>para integrar el Consejo Asesor Interno.\u00a0<\/h5>\n<table class=\"dcf-table dcf-table-responsive dcf-table-bordered dcf-table-striped dcf-w-100%\">\n<tbody>\n<tr>\n<td>\n<h5>ORDEN<\/h5>\n<\/td>\n<td>\n<h5>APELLIDO Y NOMBRES<\/h5>\n<\/td>\n<td>\n<h5>D.U.<\/h5>\n<\/td>\n<\/tr>\n<tr>\n<td>\n<h5>1<\/h5>\n<\/td>\n<td>\n<h5>Maria Transito Urue\u00f1a Russo<\/h5>\n<\/td>\n<td>\n<h5>27016998<\/h5>\n<\/td>\n<\/tr>\n<tr>\n<td>\n<h5>2<\/h5>\n<\/td>\n<td>\n<h5>Andrea Lascano<\/h5>\n<\/td>\n<td>\n<h5>28262403<\/h5>\n<\/td>\n<\/tr>\n<tr>\n<td>\n<h5>3<\/h5>\n<\/td>\n<td>\n<h5>Mar\u00eda Laura Paz<\/h5>\n<\/td>\n<td>\n<h5>28093609<\/h5>\n<\/td>\n<\/tr>\n<tr>\n<td>\n<h5>4<\/h5>\n<\/td>\n<td>\n<h5>Carolina Schargorodsky<\/h5>\n<\/td>\n<td>\n<h5>26484383<\/h5>\n<\/td>\n<\/tr>\n<tr>\n<td>\n<h5>5<\/h5>\n<\/td>\n<td>\n<h5>Carolina Sotomayor<\/h5>\n<\/td>\n<td>\n<h5>28476967<\/h5>\n<\/td>\n<\/tr>\n<tr>\n<td>\n<h5>6<\/h5>\n<\/td>\n<td>\n<h5>Maria Ver\u00f3nica Saavedra<\/h5>\n<\/td>\n<td>\n<h5>26981433<\/h5>\n<\/td>\n<\/tr>\n<tr>\n<td>\n<h5>7<\/h5>\n<\/td>\n<td>\n<h5>Andrea Cecilia Ca\u00f1as<\/h5>\n<\/td>\n<td>\n<h5>30841045<\/h5>\n<\/td>\n<\/tr>\n<tr>\n<td>\n<h5>8<\/h5>\n<\/td>\n<td>\n<h5>Erika Moeykens<\/h5>\n<\/td>\n<td>\n<h5>25735908<\/h5>\n<\/td>\n<\/tr>\n<tr>\n<td>\n<h5>9<\/h5>\n<\/td>\n<td>\n<h5>Mar\u00eda Florencia Benimeli<\/h5>\n<\/td>\n<td>\n<h5>27364086<\/h5>\n<\/td>\n<\/tr>\n<tr>\n<td>\n<h5>10<\/h5>\n<\/td>\n<td>\n<h5>Diego Abella<\/h5>\n<\/td>\n<td>\n<h5>28680388<\/h5>\n<\/td>\n<\/tr>\n<tr>\n<td>\n<h5>11<\/h5>\n<\/td>\n<td>\n<h5>Mariano Cinquegrani<\/h5>\n<\/td>\n<td>\n<h5>25709613<\/h5>\n<\/td>\n<\/tr>\n<tr>\n<td>\n<h5>12<\/h5>\n<\/td>\n<td>\n<h5>Ilde Mar\u00eda Erlich<\/h5>\n<\/td>\n<td>\n<h5>29786099<\/h5>\n<\/td>\n<\/tr>\n<tr>\n<td>\n<h5>13<\/h5>\n<\/td>\n<td>\n<h5>Marianela Evelin Quintana<\/h5>\n<\/td>\n<td>\n<h5>34969785<\/h5>\n<\/td>\n<\/tr>\n<tr>\n<td>\n<h5>14<\/h5>\n<\/td>\n<td>\n<h5>Miguel Eugenio Farias<\/h5>\n<\/td>\n<td>\n<h5>29430935<\/h5>\n<\/td>\n<\/tr>\n<tr>\n<td>\n<h5>15<\/h5>\n<\/td>\n<td>\n<h5>Mariana Valera<\/h5>\n<\/td>\n<td>\n<h5>28884905<\/h5>\n<\/td>\n<\/tr>\n<tr>\n<td>\n<h5>16<\/h5>\n<\/td>\n<td>\n<h5>Romina Ponce<\/h5>\n<\/td>\n<td>\n<h5>29999819<\/h5>\n<\/td>\n<\/tr>\n<tr>\n<td>\n<h5>17<\/h5>\n<\/td>\n<td>\n<h5>Ramiro Garrocho<\/h5>\n<\/td>\n<td>\n<h5>22263844<\/h5>\n<\/td>\n<\/tr>\n<tr>\n<td>\n<h5>18<\/h5>\n<\/td>\n<td>\n<h5>Mariana Daniela Rosa<\/h5>\n<\/td>\n<td>\n<h5>22336462<\/h5>\n<\/td>\n<\/tr>\n<tr>\n<td>\n<h5>19<\/h5>\n<\/td>\n<td>\n<h5>Julieta Ver\u00f3nica Catal\u00e1n<\/h5>\n<\/td>\n<td>\n<h5>24982200<\/h5>\n<\/td>\n<\/tr>\n<tr>\n<td>\n<h5>20<\/h5>\n<\/td>\n<td>\n<h5>Silvia Beatriz Hillen<\/h5>\n<\/td>\n<td>\n<h5>20433607<\/h5>\n<\/td>\n<\/tr>\n<tr>\n<td>\n<h5>21<\/h5>\n<\/td>\n<td>\n<h5>Miguel Adle<\/h5>\n<\/td>\n<td>\n<h5>18187384<\/h5>\n<\/td>\n<\/tr>\n<\/tbody>\n<\/table>\n<p><body ondragstart=\"return false\" onselectstart=\"return false\" oncontextmenu=\"return false\"><\/p>\n","protected":false},"excerpt":{"rendered":"<p>Padr\u00f3n del estamento PADRES para integrar el Consejo Asesor Interno.\u00a0 ORDEN APELLIDO Y NOMBRES D.U. 1 Maria Transito Urue\u00f1a Russo 27016998 2 Andrea Lascano 28262403 3 Mar\u00eda Laura Paz 28093609 4 Carolina Schargorodsky 26484383 5 Carolina Sotomayor 28476967 6 Maria Ver\u00f3nica Saavedra 26981433 7 Andrea Cecilia Ca\u00f1as 30841045 8 Erika Moeykens 25735908 9 Mar\u00eda Florencia &#8230; <a title=\"Padr\u00f3n del estamento PADRES\" class=\"read-more\" href=\"https:\/\/elvs-tuc.infd.edu.ar\/sitio\/padron-del-estamento-padres\/\" aria-label=\"More on Padr\u00f3n del estamento PADRES\">[+]<\/a><\/p>\n","protected":false},"author":275,"featured_media":0,"parent":0,"menu_order":0,"comment_status":"closed","ping_status":"closed","template":"","meta":[],"acf":[],"_links":{"self":[{"href":"https:\/\/elvs-tuc.infd.edu.ar\/sitio\/wp-json\/wp\/v2\/pages\/6602"}],"collection":[{"href":"https:\/\/elvs-tuc.infd.edu.ar\/sitio\/wp-json\/wp\/v2\/pages"}],"about":[{"href":"https:\/\/elvs-tuc.infd.edu.ar\/sitio\/wp-json\/wp\/v2\/types\/page"}],"author":[{"embeddable":true,"href":"https:\/\/elvs-tuc.infd.edu.ar\/sitio\/wp-json\/wp\/v2\/users\/275"}],"replies":[{"embeddable":true,"href":"https:\/\/elvs-tuc.infd.edu.ar\/sitio\/wp-json\/wp\/v2\/comments?post=6602"}],"version-history":[{"count":26,"href":"https:\/\/elvs-tuc.infd.edu.ar\/sitio\/wp-json\/wp\/v2\/pages\/6602\/revisions"}],"predecessor-version":[{"id":11791,"href":"https:\/\/elvs-tuc.infd.edu.ar\/sitio\/wp-json\/wp\/v2\/pages\/6602\/revisions\/11791"}],"wp:attachment":[{"href":"https:\/\/elvs-tuc.infd.edu.ar\/sitio\/wp-json\/wp\/v2\/media?parent=6602"}],"curies":[{"name":"wp","href":"https:\/\/api.w.org\/{rel}","templated":true}]}}