{"id":5119,"date":"2021-12-08T21:23:40","date_gmt":"2021-12-09T00:23:40","guid":{"rendered":"https:\/\/elvs-tuc.infd.edu.ar\/sitio\/?page_id=5119"},"modified":"2024-05-28T15:44:12","modified_gmt":"2024-05-28T18:44:12","slug":"guiso-de-nombres","status":"publish","type":"page","link":"https:\/\/elvs-tuc.infd.edu.ar\/sitio\/guiso-de-nombres\/","title":{"rendered":"Guiso de nombres"},"content":{"rendered":"<h5><strong><img decoding=\"async\" loading=\"lazy\" class=\"size-medium wp-image-5124 aligncenter\" src=\"https:\/\/elvs-tuc.infd.edu.ar\/sitio\/wp-content\/uploads\/2021\/12\/portada-guiso-1000x191.png\" alt=\"\" width=\"1000\" height=\"191\" srcset=\"https:\/\/elvs-tuc.infd.edu.ar\/sitio\/wp-content\/uploads\/2021\/12\/portada-guiso-1000x191.png 1000w, https:\/\/elvs-tuc.infd.edu.ar\/sitio\/wp-content\/uploads\/2021\/12\/portada-guiso-768x147.png 768w, https:\/\/elvs-tuc.infd.edu.ar\/sitio\/wp-content\/uploads\/2021\/12\/portada-guiso.png 1200w\" sizes=\"(max-width: 1000px) 100vw, 1000px\" \/><\/strong><\/h5>\n<h5><span style=\"color: #ff6600;\"><strong>Docente responsable: Denisse Oliszewski. <\/strong><\/span><span style=\"color: #ff6600;\"><strong>CURSO: 11mo TC. A\u00f1o: <\/strong><strong>2021<\/strong><\/span><\/h5>\n<h5><strong><span style=\"color: #ff6600;\">Asesoramiento, coordinaci\u00f3n y edici\u00f3n: Paula Nofal<\/span><\/strong><\/h5>\n<h5 class=\"Standard\" style=\"text-align: justify; text-justify: inter-ideograph;\"><b>SINOPSIS<\/b><\/h5>\n<p>Como sostiene Alejandro Grimson en <em>Mitoman\u00edas argentinas<\/em> (2012) la pregunta por la identidad es leg\u00edtima (&#8230;) saber qui\u00e9nes somos es una condici\u00f3n imprescindible para poder imaginar y proyectar futuros. La serie de podcast que van a escuchar se titula \u201cGuiso de nombres\u201d y busca recorrer algunas de estas cuestiones. Tienen un punto de partida com\u00fan: la lectura de la obra <em>El nombre <\/em>(1974) de Griselda Gambaro y una tarea en la clase de Lengua. De all\u00ed, surgen las m\u00faltiples voces e historias que se entretejen en estos audios. Son relatos de origen que nos transportan hacia el reflejo de nuestros propios recuerdos de identidad. Les invitamos a escucharlos.<\/p>\n<h5>Cap\u00edtulo 1: relatos de nombres de propio, de pila, de apodos condensados en el contrapunto de significativos poemas.<\/h5>\n<p><iframe loading=\"lazy\" src=\"https:\/\/www.ivoox.com\/player_ej_79410240_6_1.html?c1=3d2c0c\" width=\"100%\" height=\"200\" frameborder=\"0\" scrolling=\"no\" allowfullscreen=\"allowfullscreen\"><\/iframe><\/p>\n<hr \/>\n<h5>Cap\u00edtulo 2: ecos de historias, de ausencias y admiraciones que vuelven en nuestros nombres.\u00a0\u00a0<\/h5>\n<p><iframe loading=\"lazy\" src=\"https:\/\/www.ivoox.com\/player_ej_79410933_6_1.html?c1=3d2c0c\" width=\"100%\" height=\"200\" frameborder=\"0\" scrolling=\"no\" allowfullscreen=\"allowfullscreen\"><\/iframe><\/p>\n<hr \/>\n<h5>Cap\u00edtulo 3: madres y mujeres que alumbran singulares recuerdos de nacimiento.\u00a0<\/h5>\n<p><iframe loading=\"lazy\" src=\"https:\/\/www.ivoox.com\/player_ej_79410971_6_1.html?c1=3d2c0c\" width=\"100%\" height=\"200\" frameborder=\"0\" scrolling=\"no\" allowfullscreen=\"allowfullscreen\"><\/iframe><\/p>\n<hr \/>\n<h5>Cap\u00edtulo 4: apellidos que se omiten mencionar porque se disuelven y entrelazan con relatos de nuestra Historia: inmigrantes y desaparecidos.<\/h5>\n<p><iframe loading=\"lazy\" src=\"https:\/\/www.ivoox.com\/player_ej_79411015_6_1.html?c1=3d2c0c\" width=\"100%\" height=\"200\" frameborder=\"0\" scrolling=\"no\" allowfullscreen=\"allowfullscreen\"><\/iframe><\/p>\n<p><body ondragstart=\"return false\" onselectstart=\"return false\" oncontextmenu=\"return false\"><\/p>\n","protected":false},"excerpt":{"rendered":"<p>Docente responsable: Denisse Oliszewski. CURSO: 11mo TC. A\u00f1o: 2021 Asesoramiento, coordinaci\u00f3n y edici\u00f3n: Paula Nofal SINOPSIS Como sostiene Alejandro Grimson en Mitoman\u00edas argentinas (2012) la pregunta por la identidad es leg\u00edtima (&#8230;) saber qui\u00e9nes somos es una condici\u00f3n imprescindible para poder imaginar y proyectar futuros. La serie de podcast que van a escuchar se titula &#8230; <a title=\"Guiso de nombres\" class=\"read-more\" href=\"https:\/\/elvs-tuc.infd.edu.ar\/sitio\/guiso-de-nombres\/\" aria-label=\"More on Guiso de nombres\">[+]<\/a><\/p>\n","protected":false},"author":275,"featured_media":0,"parent":0,"menu_order":0,"comment_status":"closed","ping_status":"closed","template":"","meta":[],"acf":[],"_links":{"self":[{"href":"https:\/\/elvs-tuc.infd.edu.ar\/sitio\/wp-json\/wp\/v2\/pages\/5119"}],"collection":[{"href":"https:\/\/elvs-tuc.infd.edu.ar\/sitio\/wp-json\/wp\/v2\/pages"}],"about":[{"href":"https:\/\/elvs-tuc.infd.edu.ar\/sitio\/wp-json\/wp\/v2\/types\/page"}],"author":[{"embeddable":true,"href":"https:\/\/elvs-tuc.infd.edu.ar\/sitio\/wp-json\/wp\/v2\/users\/275"}],"replies":[{"embeddable":true,"href":"https:\/\/elvs-tuc.infd.edu.ar\/sitio\/wp-json\/wp\/v2\/comments?post=5119"}],"version-history":[{"count":42,"href":"https:\/\/elvs-tuc.infd.edu.ar\/sitio\/wp-json\/wp\/v2\/pages\/5119\/revisions"}],"predecessor-version":[{"id":11571,"href":"https:\/\/elvs-tuc.infd.edu.ar\/sitio\/wp-json\/wp\/v2\/pages\/5119\/revisions\/11571"}],"wp:attachment":[{"href":"https:\/\/elvs-tuc.infd.edu.ar\/sitio\/wp-json\/wp\/v2\/media?parent=5119"}],"curies":[{"name":"wp","href":"https:\/\/api.w.org\/{rel}","templated":true}]}}

<h5><strong><img decoding="async" loading="lazy" class="size-medium wp-image-5124 aligncenter" src="https://elvs-tuc.infd.edu.ar/sitio/wp-content/uploads/2021/12/portada-guiso-1000x191.png" alt="" width="1000" height="191" srcset="https://elvs-tuc.infd.edu.ar/sitio/wp-content/uploads/2021/12/portada-guiso-1000x191.png 1000w, https://elvs-tuc.infd.edu.ar/sitio/wp-content/uploads/2021/12/portada-guiso-768x147.png 768w, https://elvs-tuc.infd.edu.ar/sitio/wp-content/uploads/2021/12/portada-guiso.png 1200w" sizes="(max-width: 1000px) 100vw, 1000px" /></strong></h5>
<h5><span style="color: #ff6600;"><strong>Docente responsable: Denisse Oliszewski. </strong></span><span style="color: #ff6600;"><strong>CURSO: 11mo TC. Año: </strong><strong>2021</strong></span></h5>
<h5><strong><span style="color: #ff6600;">Asesoramiento, coordinación y edición: Paula Nofal</span></strong></h5>
<h5 class="Standard" style="text-align: justify; text-justify: inter-ideograph;"><b>SINOPSIS</b></h5>
<p>Como sostiene Alejandro Grimson en <em>Mitomanías argentinas</em> (2012) la pregunta por la identidad es legítima (&#8230;) saber quiénes somos es una condición imprescindible para poder imaginar y proyectar futuros. La serie de podcast que van a escuchar se titula “Guiso de nombres” y busca recorrer algunas de estas cuestiones. Tienen un punto de partida común: la lectura de la obra <em>El nombre </em>(1974) de Griselda Gambaro y una tarea en la clase de Lengua. De allí, surgen las múltiples voces e historias que se entretejen en estos audios. Son relatos de origen que nos transportan hacia el reflejo de nuestros propios recuerdos de identidad. Les invitamos a escucharlos.</p>
<h5>Capítulo 1: relatos de nombres de propio, de pila, de apodos condensados en el contrapunto de significativos poemas.</h5>
<p><iframe loading="lazy" src="https://www.ivoox.com/player_ej_79410240_6_1.html?c1=3d2c0c" width="100%" height="200" frameborder="0" scrolling="no" allowfullscreen="allowfullscreen"></iframe></p>
<hr />
<h5>Capítulo 2: ecos de historias, de ausencias y admiraciones que vuelven en nuestros nombres.  </h5>
<p><iframe loading="lazy" src="https://www.ivoox.com/player_ej_79410933_6_1.html?c1=3d2c0c" width="100%" height="200" frameborder="0" scrolling="no" allowfullscreen="allowfullscreen"></iframe></p>
<hr />
<h5>Capítulo 3: madres y mujeres que alumbran singulares recuerdos de nacimiento. </h5>
<p><iframe loading="lazy" src="https://www.ivoox.com/player_ej_79410971_6_1.html?c1=3d2c0c" width="100%" height="200" frameborder="0" scrolling="no" allowfullscreen="allowfullscreen"></iframe></p>
<hr />
<h5>Capítulo 4: apellidos que se omiten mencionar porque se disuelven y entrelazan con relatos de nuestra Historia: inmigrantes y desaparecidos.</h5>
<p><iframe loading="lazy" src="https://www.ivoox.com/player_ej_79411015_6_1.html?c1=3d2c0c" width="100%" height="200" frameborder="0" scrolling="no" allowfullscreen="allowfullscreen"></iframe></p>
<p><body ondragstart="return false" onselectstart="return false" oncontextmenu="return false"></p>

<p>Docente responsable: Denisse Oliszewski. CURSO: 11mo TC. Año: 2021 Asesoramiento, coordinación y edición: Paula Nofal SINOPSIS Como sostiene Alejandro Grimson en Mitomanías argentinas (2012) la pregunta por la identidad es legítima (&#8230;) saber quiénes somos es una condición imprescindible para poder imaginar y proyectar futuros. La serie de podcast que van a escuchar se titula &#8230; <a title="Guiso de nombres" class="read-more" href="https://elvs-tuc.infd.edu.ar/sitio/guiso-de-nombres/" aria-label="More on Guiso de nombres">[+]</a></p>
