{"id":4503,"date":"2021-09-10T18:15:57","date_gmt":"2021-09-10T21:15:57","guid":{"rendered":"https:\/\/elvs-tuc.infd.edu.ar\/sitio\/?page_id=4503"},"modified":"2026-04-22T12:57:53","modified_gmt":"2026-04-22T15:57:53","slug":"dia-del-maestro-2021","status":"publish","type":"page","link":"https:\/\/elvs-tuc.infd.edu.ar\/sitio\/dia-del-maestro-2021\/","title":{"rendered":"\u00a1FEL1Z D1A.09.21!"},"content":{"rendered":"<p><img decoding=\"async\" loading=\"lazy\" class=\"size-full wp-image-4504 alignleft\" src=\"https:\/\/elvs-tuc.infd.edu.ar\/sitio\/wp-content\/uploads\/2021\/09\/felizdia.jpg\" alt=\"\" width=\"900\" height=\"100\" srcset=\"https:\/\/elvs-tuc.infd.edu.ar\/sitio\/wp-content\/uploads\/2021\/09\/felizdia.jpg 900w, https:\/\/elvs-tuc.infd.edu.ar\/sitio\/wp-content\/uploads\/2021\/09\/felizdia-768x85.jpg 768w\" sizes=\"(max-width: 900px) 100vw, 900px\" \/><\/p>\n<p>&nbsp;<\/p>\n<p>&nbsp;<\/p>\n<p><strong>La palabra Cuidar, proviene del Latin COGITARE, que significa PENSAR, REFLEXIONAR\u2026<\/strong><\/p>\n<p><strong>Resulta interesante remitirse al origen de las palabras por las resonancias que enciende, por las evocaciones que produce\u2026Al hacerlo, las sacamos del letargo, del uso banal y por lo tanto empobrecido, para nutrirlas y fortalecerlas con el alimento que se oculta en sus ra\u00edces.<\/strong><\/p>\n<p><strong>Pareciera entonces que para CUIDAR, no alcanza con PROTEGER o AMPARAR\u2026 Cuidar supone PENSAR, REFLEXIONAR sobre aquello que se cuida, y hacerlo con esmero, de la mejor manera\u2026<\/strong><\/p>\n<p><strong>Quiz\u00e1s sea la Escuela uno de los espacios m\u00e1s potentes y arriesgados donde conjugar palabras como pensamiento y protecci\u00f3n que enseguida de enunciadas, van a entramarse con amor, con respeto, con curiosidad\u2026<\/strong><\/p>\n<p><strong>Quienes habitan la Escuela, es decir, quienes la sienten como su h\u00e1bitat, se encuentran en ella para acoger la fragilidad de quienes necesitan protecci\u00f3n, y hacer que esa fragilidad se conjure y se vuelva fortaleza, nada m\u00e1s, porque se ha aceptado el enorme desaf\u00edo de ense\u00f1ar y aprender a pensar\u2026<\/strong><\/p>\n<p><strong>Cada tiempo nuevo trae consigo nuevas preguntas, nuevos hallazgos, nuevas inquietudes\u2026Pararse siempre sobre la interrogaci\u00f3n, aceptarla en su potencia y en su precariedad e intentar ante cada nuevo desaf\u00edo, la aventura confiada, requiere de coraje, templanza, esfuerzo y mucho amor.<\/strong><\/p>\n<p><strong>Respuestas provisorias han de surgir, capaces como los reto\u00f1os del \u00e1rbol, de sumar esperanza<\/strong><\/p>\n<p><strong>Grullas balanceadas por la brisa seguir\u00e1n naciendo de papelitos plegados para mejor pensar en un mundo de paz\u2026<\/strong><\/p>\n<p><strong>Por ese coraje, por ese esfuerzo, por ese riesgo y ese cuidado sentido en cada gesto de sus docentes, en cada nuevo tiempo, la Escuela Sarmiento celebra con emoci\u00f3n y gratitud esta fecha, dese\u00e1ndoles a cada uno y a cada una UN MUY FELIZ D\u00cdA! Equipo Directivo.<\/strong><\/p>\n<p>&nbsp;<\/p>\n<p style=\"text-align: center;\"><iframe loading=\"lazy\" src=\"https:\/\/drive.google.com\/file\/d\/1Rqcur5Q24pLcbvJOXofhbGUo2WBU6mm5\/preview\" width=\"640\" height=\"480\"><\/iframe><\/p>\n<p><body ondragstart=\"return false\" onselectstart=\"return false\" oncontextmenu=\"return false\"><\/p>\n","protected":false},"excerpt":{"rendered":"<p>&nbsp; &nbsp; La palabra Cuidar, proviene del Latin COGITARE, que significa PENSAR, REFLEXIONAR\u2026 Resulta interesante remitirse al origen de las palabras por las resonancias que enciende, por las evocaciones que produce\u2026Al hacerlo, las sacamos del letargo, del uso banal y por lo tanto empobrecido, para nutrirlas y fortalecerlas con el alimento que se oculta en &#8230; <a title=\"\u00a1FEL1Z D1A.09.21!\" class=\"read-more\" href=\"https:\/\/elvs-tuc.infd.edu.ar\/sitio\/dia-del-maestro-2021\/\" aria-label=\"More on \u00a1FEL1Z D1A.09.21!\">[+]<\/a><\/p>\n","protected":false},"author":275,"featured_media":0,"parent":0,"menu_order":0,"comment_status":"closed","ping_status":"closed","template":"","meta":[],"acf":[],"_links":{"self":[{"href":"https:\/\/elvs-tuc.infd.edu.ar\/sitio\/wp-json\/wp\/v2\/pages\/4503"}],"collection":[{"href":"https:\/\/elvs-tuc.infd.edu.ar\/sitio\/wp-json\/wp\/v2\/pages"}],"about":[{"href":"https:\/\/elvs-tuc.infd.edu.ar\/sitio\/wp-json\/wp\/v2\/types\/page"}],"author":[{"embeddable":true,"href":"https:\/\/elvs-tuc.infd.edu.ar\/sitio\/wp-json\/wp\/v2\/users\/275"}],"replies":[{"embeddable":true,"href":"https:\/\/elvs-tuc.infd.edu.ar\/sitio\/wp-json\/wp\/v2\/comments?post=4503"}],"version-history":[{"count":30,"href":"https:\/\/elvs-tuc.infd.edu.ar\/sitio\/wp-json\/wp\/v2\/pages\/4503\/revisions"}],"predecessor-version":[{"id":15382,"href":"https:\/\/elvs-tuc.infd.edu.ar\/sitio\/wp-json\/wp\/v2\/pages\/4503\/revisions\/15382"}],"wp:attachment":[{"href":"https:\/\/elvs-tuc.infd.edu.ar\/sitio\/wp-json\/wp\/v2\/media?parent=4503"}],"curies":[{"name":"wp","href":"https:\/\/api.w.org\/{rel}","templated":true}]}}

<p><img decoding="async" loading="lazy" class="size-full wp-image-4504 alignleft" src="https://elvs-tuc.infd.edu.ar/sitio/wp-content/uploads/2021/09/felizdia.jpg" alt="" width="900" height="100" srcset="https://elvs-tuc.infd.edu.ar/sitio/wp-content/uploads/2021/09/felizdia.jpg 900w, https://elvs-tuc.infd.edu.ar/sitio/wp-content/uploads/2021/09/felizdia-768x85.jpg 768w" sizes="(max-width: 900px) 100vw, 900px" /></p>
<p>&nbsp;</p>
<p>&nbsp;</p>
<p><strong>La palabra Cuidar, proviene del Latin COGITARE, que significa PENSAR, REFLEXIONAR…</strong></p>
<p><strong>Resulta interesante remitirse al origen de las palabras por las resonancias que enciende, por las evocaciones que produce…Al hacerlo, las sacamos del letargo, del uso banal y por lo tanto empobrecido, para nutrirlas y fortalecerlas con el alimento que se oculta en sus raíces.</strong></p>
<p><strong>Pareciera entonces que para CUIDAR, no alcanza con PROTEGER o AMPARAR… Cuidar supone PENSAR, REFLEXIONAR sobre aquello que se cuida, y hacerlo con esmero, de la mejor manera…</strong></p>
<p><strong>Quizás sea la Escuela uno de los espacios más potentes y arriesgados donde conjugar palabras como pensamiento y protección que enseguida de enunciadas, van a entramarse con amor, con respeto, con curiosidad…</strong></p>
<p><strong>Quienes habitan la Escuela, es decir, quienes la sienten como su hábitat, se encuentran en ella para acoger la fragilidad de quienes necesitan protección, y hacer que esa fragilidad se conjure y se vuelva fortaleza, nada más, porque se ha aceptado el enorme desafío de enseñar y aprender a pensar…</strong></p>
<p><strong>Cada tiempo nuevo trae consigo nuevas preguntas, nuevos hallazgos, nuevas inquietudes…Pararse siempre sobre la interrogación, aceptarla en su potencia y en su precariedad e intentar ante cada nuevo desafío, la aventura confiada, requiere de coraje, templanza, esfuerzo y mucho amor.</strong></p>
<p><strong>Respuestas provisorias han de surgir, capaces como los retoños del árbol, de sumar esperanza</strong></p>
<p><strong>Grullas balanceadas por la brisa seguirán naciendo de papelitos plegados para mejor pensar en un mundo de paz…</strong></p>
<p><strong>Por ese coraje, por ese esfuerzo, por ese riesgo y ese cuidado sentido en cada gesto de sus docentes, en cada nuevo tiempo, la Escuela Sarmiento celebra con emoción y gratitud esta fecha, deseándoles a cada uno y a cada una UN MUY FELIZ DÍA! Equipo Directivo.</strong></p>
<p>&nbsp;</p>
<p style="text-align: center;"><iframe loading="lazy" src="https://drive.google.com/file/d/1Rqcur5Q24pLcbvJOXofhbGUo2WBU6mm5/preview" width="640" height="480"></iframe></p>
<p><body ondragstart="return false" onselectstart="return false" oncontextmenu="return false"></p>
