{"id":4228,"date":"2021-07-07T21:04:16","date_gmt":"2021-07-08T00:04:16","guid":{"rendered":"https:\/\/elvs-tuc.infd.edu.ar\/sitio\/?page_id=4228"},"modified":"2026-04-22T15:28:54","modified_gmt":"2026-04-22T18:28:54","slug":"podcast-9-de-julio-de-2021","status":"publish","type":"page","link":"https:\/\/elvs-tuc.infd.edu.ar\/sitio\/podcast-9-de-julio-de-2021\/","title":{"rendered":"podcast 9 de Julio de 2021"},"content":{"rendered":"<p><img decoding=\"async\" loading=\"lazy\" class=\" wp-image-9178 aligncenter\" src=\"https:\/\/elvs-tuc.infd.edu.ar\/sitio\/wp-content\/uploads\/2023\/08\/portada-cadenas-interna.png\" alt=\"\" width=\"1027\" height=\"240\" srcset=\"https:\/\/elvs-tuc.infd.edu.ar\/sitio\/wp-content\/uploads\/2023\/08\/portada-cadenas-interna.png 976w, https:\/\/elvs-tuc.infd.edu.ar\/sitio\/wp-content\/uploads\/2023\/08\/portada-cadenas-interna-768x179.png 768w\" sizes=\"(max-width: 1027px) 100vw, 1027px\" \/><\/p>\n<p><strong>\u00abLa libertad es como la ma\u00f1ana. Hay quienes esperan dormidos a que llegue, pero hay quienes desvelan y caminan la noche para alcanzarla \u00bb Subcomandante Marcos.<\/strong><\/p>\n<p>\u00a0\u00a0\u00a0\u00a0\u00a0\u00a0\u00a0\u00a0\u00a0\u00a0\u00a0\u00a0\u00a0\u00a0\u00a0\u00a0\u00a0\u00a0\u00a0\u00a0\u00a0\u00a0\u00a0\u00a0\u00a0\u00a0\u00a0\u00a0 Ning\u00fan Bien se tiene de una vez y para siempre. Cada Bien recibido ha sido antes conquistado con el esfuerzo, el trabajo, el sacrificio de otros&#8230; Es nuestra responsabilidad honrar ese camino&#8230;esos desvelos&#8230;con un sentido profundo de respeto ante el legado&#8230;No son para ello necesarias grandes haza\u00f1as, sino simplemente la peque\u00f1a gloria de amar lo que hacemos, de hacerlo de la mejor manera y de agradecer por la posibilidad de tenerlo.<\/p>\n<p>\u00a0\u00a0\u00a0\u00a0\u00a0\u00a0\u00a0\u00a0\u00a0\u00a0\u00a0\u00a0\u00a0\u00a0\u00a0\u00a0\u00a0\u00a0\u00a0\u00a0\u00a0\u00a0\u00a0\u00a0\u00a0\u00a0\u00a0 Por la soberan\u00eda de la Patria, que se conquista cada d\u00eda con la suma de los esfuerzos individuales, por la soberan\u00eda de nuestra comunidad, que se construye con el esfuerzo colectivo, damos gracias a todas las personas que la fortalecen cada d\u00eda y las saludamos con gratitud y reconocimiento dese\u00e1ndoles un muy Feliz D\u00eda de la Independencia y un excelente y merecido descanso!\u00a0<\/p>\n<p>\u00a0\u00a0\u00a0\u00a0\u00a0\u00a0\u00a0\u00a0\u00a0\u00a0\u00a0\u00a0\u00a0\u00a0\u00a0\u00a0\u00a0\u00a0\u00a0\u00a0\u00a0\u00a0\u00a0\u00a0\u00a0\u00a0\u00a0 Agradecemos en este d\u00eda especialmente a las docentes del Departamento de Aplicaci\u00f3n por el hermoso Acto de Celebraci\u00f3n organizado con los alumnos y las alumnas de Jard\u00edn, Preparatorio y Primer Grado.<\/p>\n<p>\u00a0\u00a0\u00a0\u00a0\u00a0\u00a0\u00a0\u00a0\u00a0\u00a0\u00a0\u00a0\u00a0\u00a0\u00a0\u00a0\u00a0\u00a0\u00a0\u00a0\u00a0\u00a0\u00a0\u00a0\u00a0\u00a0\u00a0 Otro agradecimiento especial a las docentes del Departamento de Lengua y Literatura y a por el trabajo realizado en la p\u00e1gina web de la Escuela, ceremonia m\u00ednima y elocuente que nos nombra y nos representa&#8230;que retoma la palabra sentida&#8230;cierta &#8230;esperanzada.\u00a0 Un gran abrazo del Equipo Directivo.<\/p>\n<hr \/>\n<p>Gui\u00f3n: docentes del Departamento de Lengua y Literatura<\/p>\n<p>Edici\u00f3n y postproducci\u00f3n: Paula Nofal<\/p>\n<p><iframe loading=\"lazy\" src=\"https:\/\/www.ivoox.com\/player_ej_72520930_6_1.html?c1=844549\" width=\"100%\" height=\"200\" frameborder=\"0\" scrolling=\"no\" allowfullscreen=\"allowfullscreen\"><\/iframe><\/p>\n<p><body ondragstart=\"return false\" onselectstart=\"return false\" oncontextmenu=\"return false\"><\/p>\n","protected":false},"excerpt":{"rendered":"<p>\u00abLa libertad es como la ma\u00f1ana. Hay quienes esperan dormidos a que llegue, pero hay quienes desvelan y caminan la noche para alcanzarla \u00bb Subcomandante Marcos. \u00a0\u00a0\u00a0\u00a0\u00a0\u00a0\u00a0\u00a0\u00a0\u00a0\u00a0\u00a0\u00a0\u00a0\u00a0\u00a0\u00a0\u00a0\u00a0\u00a0\u00a0\u00a0\u00a0\u00a0\u00a0\u00a0\u00a0\u00a0 Ning\u00fan Bien se tiene de una vez y para siempre. Cada Bien recibido ha sido antes conquistado con el esfuerzo, el trabajo, el sacrificio de otros&#8230; Es nuestra &#8230; <a title=\"podcast 9 de Julio de 2021\" class=\"read-more\" href=\"https:\/\/elvs-tuc.infd.edu.ar\/sitio\/podcast-9-de-julio-de-2021\/\" aria-label=\"More on podcast 9 de Julio de 2021\">[+]<\/a><\/p>\n","protected":false},"author":275,"featured_media":0,"parent":0,"menu_order":0,"comment_status":"closed","ping_status":"closed","template":"","meta":[],"acf":[],"_links":{"self":[{"href":"https:\/\/elvs-tuc.infd.edu.ar\/sitio\/wp-json\/wp\/v2\/pages\/4228"}],"collection":[{"href":"https:\/\/elvs-tuc.infd.edu.ar\/sitio\/wp-json\/wp\/v2\/pages"}],"about":[{"href":"https:\/\/elvs-tuc.infd.edu.ar\/sitio\/wp-json\/wp\/v2\/types\/page"}],"author":[{"embeddable":true,"href":"https:\/\/elvs-tuc.infd.edu.ar\/sitio\/wp-json\/wp\/v2\/users\/275"}],"replies":[{"embeddable":true,"href":"https:\/\/elvs-tuc.infd.edu.ar\/sitio\/wp-json\/wp\/v2\/comments?post=4228"}],"version-history":[{"count":28,"href":"https:\/\/elvs-tuc.infd.edu.ar\/sitio\/wp-json\/wp\/v2\/pages\/4228\/revisions"}],"predecessor-version":[{"id":15444,"href":"https:\/\/elvs-tuc.infd.edu.ar\/sitio\/wp-json\/wp\/v2\/pages\/4228\/revisions\/15444"}],"wp:attachment":[{"href":"https:\/\/elvs-tuc.infd.edu.ar\/sitio\/wp-json\/wp\/v2\/media?parent=4228"}],"curies":[{"name":"wp","href":"https:\/\/api.w.org\/{rel}","templated":true}]}}

<p><img decoding="async" loading="lazy" class=" wp-image-9178 aligncenter" src="https://elvs-tuc.infd.edu.ar/sitio/wp-content/uploads/2023/08/portada-cadenas-interna.png" alt="" width="1027" height="240" srcset="https://elvs-tuc.infd.edu.ar/sitio/wp-content/uploads/2023/08/portada-cadenas-interna.png 976w, https://elvs-tuc.infd.edu.ar/sitio/wp-content/uploads/2023/08/portada-cadenas-interna-768x179.png 768w" sizes="(max-width: 1027px) 100vw, 1027px" /></p>
<p><strong>«La libertad es como la mañana. Hay quienes esperan dormidos a que llegue, pero hay quienes desvelan y caminan la noche para alcanzarla » Subcomandante Marcos.</strong></p>
<p>                             Ningún Bien se tiene de una vez y para siempre. Cada Bien recibido ha sido antes conquistado con el esfuerzo, el trabajo, el sacrificio de otros&#8230; Es nuestra responsabilidad honrar ese camino&#8230;esos desvelos&#8230;con un sentido profundo de respeto ante el legado&#8230;No son para ello necesarias grandes hazañas, sino simplemente la pequeña gloria de amar lo que hacemos, de hacerlo de la mejor manera y de agradecer por la posibilidad de tenerlo.</p>
<p>                            Por la soberanía de la Patria, que se conquista cada día con la suma de los esfuerzos individuales, por la soberanía de nuestra comunidad, que se construye con el esfuerzo colectivo, damos gracias a todas las personas que la fortalecen cada día y las saludamos con gratitud y reconocimiento deseándoles un muy Feliz Día de la Independencia y un excelente y merecido descanso! </p>
<p>                            Agradecemos en este día especialmente a las docentes del Departamento de Aplicación por el hermoso Acto de Celebración organizado con los alumnos y las alumnas de Jardín, Preparatorio y Primer Grado.</p>
<p>                            Otro agradecimiento especial a las docentes del Departamento de Lengua y Literatura y a por el trabajo realizado en la página web de la Escuela, ceremonia mínima y elocuente que nos nombra y nos representa&#8230;que retoma la palabra sentida&#8230;cierta &#8230;esperanzada.  Un gran abrazo del Equipo Directivo.</p>
<hr />
<p>Guión: docentes del Departamento de Lengua y Literatura</p>
<p>Edición y postproducción: Paula Nofal</p>
<p><iframe loading="lazy" src="https://www.ivoox.com/player_ej_72520930_6_1.html?c1=844549" width="100%" height="200" frameborder="0" scrolling="no" allowfullscreen="allowfullscreen"></iframe></p>
<p><body ondragstart="return false" onselectstart="return false" oncontextmenu="return false"></p>

<p>«La libertad es como la mañana. Hay quienes esperan dormidos a que llegue, pero hay quienes desvelan y caminan la noche para alcanzarla » Subcomandante Marcos.                              Ningún Bien se tiene de una vez y para siempre. Cada Bien recibido ha sido antes conquistado con el esfuerzo, el trabajo, el sacrificio de otros&#8230; Es nuestra &#8230; <a title="podcast 9 de Julio de 2021" class="read-more" href="https://elvs-tuc.infd.edu.ar/sitio/podcast-9-de-julio-de-2021/" aria-label="More on podcast 9 de Julio de 2021">[+]</a></p>
