{"id":2512,"date":"2020-09-10T17:35:10","date_gmt":"2020-09-10T20:35:10","guid":{"rendered":"https:\/\/elvs-tuc.infd.edu.ar\/sitio\/?page_id=2512"},"modified":"2026-04-21T14:37:59","modified_gmt":"2026-04-21T17:37:59","slug":"dia-del-maestro-2020","status":"publish","type":"page","link":"https:\/\/elvs-tuc.infd.edu.ar\/sitio\/dia-del-maestro-2020\/","title":{"rendered":"D\u00eda del Maestro"},"content":{"rendered":"<h4>Dia del Maestro &#8211; 11 de septiembre de 2020<\/h4>\n<hr \/>\n<p><strong>Queridos colegas, una fecha tan llena de sentidos profundos y trascendentes para nuestra comunidad ha merecido siempre especial atenci\u00f3n.<\/strong><br \/><strong>Este a\u00f1o nos encuentra inmersos en circunstancias de tal complejidad que nos obliga a sobreponernos e intentar un esfuerzo extraordinario para tomar la palabra . <\/strong><br \/><strong>En primer lugar, porque una ausencia nos parte el coraz\u00f3n y las ganas . <\/strong><br \/><strong>En segundo lugar, porque nos encontramos privadas de los abrazos reparadores que ayudan a sobrellevar las penas.<\/strong><br \/><strong>Por \u00faltimo, porque la virtualidad es poderosa y puede acortar distancias pero jam\u00e1s suplir la magia y la m\u00edstica de nuestro espacio vital, por todas y todos amado y compartido.<\/strong><br \/><strong>Sin embargo y a pesar de ello, no quisimos guardar silencio en esta oportunidad. Entendemos que el compromiso y la entrega a la tarea en un escenario tan particular, merece un profundo reconocimiento y valoraci\u00f3n . Deseamos les llegue nuestro abrazo, nuestro afecto y nuestra gratitud. Equipo Directivo<\/strong><\/p>\n<p><iframe loading=\"lazy\" src=\"https:\/\/drive.google.com\/file\/d\/1ojxnDEk_Gr3_AE1_Vo6vlgWsP8sKASo2\/preview\" width=\"640\" height=\"480\"><\/iframe><\/p>\n<p><body ondragstart=\"return false\" onselectstart=\"return false\" oncontextmenu=\"return false\"><\/p>\n","protected":false},"excerpt":{"rendered":"<p>Dia del Maestro &#8211; 11 de septiembre de 2020 Queridos colegas, una fecha tan llena de sentidos profundos y trascendentes para nuestra comunidad ha merecido siempre especial atenci\u00f3n.Este a\u00f1o nos encuentra inmersos en circunstancias de tal complejidad que nos obliga a sobreponernos e intentar un esfuerzo extraordinario para tomar la palabra . En primer lugar, &#8230; <a title=\"D\u00eda del Maestro\" class=\"read-more\" href=\"https:\/\/elvs-tuc.infd.edu.ar\/sitio\/dia-del-maestro-2020\/\" aria-label=\"More on D\u00eda del Maestro\">[+]<\/a><\/p>\n","protected":false},"author":275,"featured_media":0,"parent":0,"menu_order":0,"comment_status":"closed","ping_status":"closed","template":"","meta":[],"acf":[],"_links":{"self":[{"href":"https:\/\/elvs-tuc.infd.edu.ar\/sitio\/wp-json\/wp\/v2\/pages\/2512"}],"collection":[{"href":"https:\/\/elvs-tuc.infd.edu.ar\/sitio\/wp-json\/wp\/v2\/pages"}],"about":[{"href":"https:\/\/elvs-tuc.infd.edu.ar\/sitio\/wp-json\/wp\/v2\/types\/page"}],"author":[{"embeddable":true,"href":"https:\/\/elvs-tuc.infd.edu.ar\/sitio\/wp-json\/wp\/v2\/users\/275"}],"replies":[{"embeddable":true,"href":"https:\/\/elvs-tuc.infd.edu.ar\/sitio\/wp-json\/wp\/v2\/comments?post=2512"}],"version-history":[{"count":15,"href":"https:\/\/elvs-tuc.infd.edu.ar\/sitio\/wp-json\/wp\/v2\/pages\/2512\/revisions"}],"predecessor-version":[{"id":15340,"href":"https:\/\/elvs-tuc.infd.edu.ar\/sitio\/wp-json\/wp\/v2\/pages\/2512\/revisions\/15340"}],"wp:attachment":[{"href":"https:\/\/elvs-tuc.infd.edu.ar\/sitio\/wp-json\/wp\/v2\/media?parent=2512"}],"curies":[{"name":"wp","href":"https:\/\/api.w.org\/{rel}","templated":true}]}}

Día del Maestro

<h4>Dia del Maestro &#8211; 11 de septiembre de 2020</h4>
<hr />
<p><strong>Queridos colegas, una fecha tan llena de sentidos profundos y trascendentes para nuestra comunidad ha merecido siempre especial atención.</strong><br /><strong>Este año nos encuentra inmersos en circunstancias de tal complejidad que nos obliga a sobreponernos e intentar un esfuerzo extraordinario para tomar la palabra . </strong><br /><strong>En primer lugar, porque una ausencia nos parte el corazón y las ganas . </strong><br /><strong>En segundo lugar, porque nos encontramos privadas de los abrazos reparadores que ayudan a sobrellevar las penas.</strong><br /><strong>Por último, porque la virtualidad es poderosa y puede acortar distancias pero jamás suplir la magia y la mística de nuestro espacio vital, por todas y todos amado y compartido.</strong><br /><strong>Sin embargo y a pesar de ello, no quisimos guardar silencio en esta oportunidad. Entendemos que el compromiso y la entrega a la tarea en un escenario tan particular, merece un profundo reconocimiento y valoración . Deseamos les llegue nuestro abrazo, nuestro afecto y nuestra gratitud. Equipo Directivo</strong></p>
<p><iframe loading="lazy" src="https://drive.google.com/file/d/1ojxnDEk_Gr3_AE1_Vo6vlgWsP8sKASo2/preview" width="640" height="480"></iframe></p>
<p><body ondragstart="return false" onselectstart="return false" oncontextmenu="return false"></p>

<p>Dia del Maestro &#8211; 11 de septiembre de 2020 Queridos colegas, una fecha tan llena de sentidos profundos y trascendentes para nuestra comunidad ha merecido siempre especial atención.Este año nos encuentra inmersos en circunstancias de tal complejidad que nos obliga a sobreponernos e intentar un esfuerzo extraordinario para tomar la palabra . En primer lugar, &#8230; <a title="Día del Maestro" class="read-more" href="https://elvs-tuc.infd.edu.ar/sitio/dia-del-maestro-2020/" aria-label="More on Día del Maestro">[+]</a></p>
