{"id":14674,"date":"2026-03-06T14:07:19","date_gmt":"2026-03-06T17:07:19","guid":{"rendered":"https:\/\/elvs-tuc.infd.edu.ar\/sitio\/?page_id=14674"},"modified":"2026-03-06T18:15:55","modified_gmt":"2026-03-06T21:15:55","slug":"homenaje-a-beby","status":"publish","type":"page","link":"https:\/\/elvs-tuc.infd.edu.ar\/sitio\/homenaje-a-beby\/","title":{"rendered":"Homenaje a Beby"},"content":{"rendered":"<h5>Homenaje a Beby Ju\u00e1rez de Cruz Prats<\/h5>\n<hr \/>\n<h5>Una mujer poderosa.<\/h5>\n<h5>Una instituci\u00f3n dentro de una instituci\u00f3n: nuestra instituci\u00f3n.<\/h5>\n<h5>La escuela, tal como la vivimos hoy, fue primero pensada por Beby.<img decoding=\"async\" loading=\"lazy\" class=\"alignright wp-image-14683\" src=\"https:\/\/elvs-tuc.infd.edu.ar\/sitio\/wp-content\/uploads\/2026\/03\/homenaje-Bby.jpg\" alt=\"\" width=\"400\" height=\"603\" \/><\/h5>\n<h5>Antes de ser paredes, horarios y cuadernos, fue una idea suya.<\/h5>\n<h5>Antes de ser pr\u00e1ctica, fue su sue\u00f1o organizado.<\/h5>\n<h5>Formadora de formadoras.<\/h5>\n<h5>Maestra de maestras.<\/h5>\n<h5>Educadora al cuadrado.<\/h5>\n<h5>A todas, de un modo u otro, nos toc\u00f3 Beby.<\/h5>\n<h5>Por una palabra, una decisi\u00f3n, una pelea, una mirada.<\/h5>\n<h5>Es imposible no reconocerse atravesada por su influencia,<\/h5>\n<h5>por su huella.<\/h5>\n<h5>apasionada.<\/h5>\n<h5>Tenaz.<\/h5>\n<h5>Estratega.<\/h5>\n<h5>So\u00f1adora.<\/h5>\n<h5>Pero no de las que se quedan en el deseo:<\/h5>\n<h5>Beby so\u00f1aba con planos, con fechas, con personas.<\/h5>\n<h5>So\u00f1aba con m\u00e9todo.<\/h5>\n<h5>Se atrev\u00eda no s\u00f3lo a imaginar,<\/h5>\n<h5>sino a concretar.<\/h5>\n<h5><strong>Y eso es quiz\u00e1 lo m\u00e1s raro y m\u00e1s valioso:<\/strong><\/h5>\n<h5><strong>haber tenido la audacia de pensar una escuela<\/strong><\/h5>\n<h5><strong>y la terquedad de hacerla existir.<\/strong><\/h5>\n<h5><strong>Porque su legado no es una estatua ni una placa:<\/strong><\/h5>\n<h5><strong>es una alquimia virtuosa entre la pol\u00edtica y la pedagog\u00eda,<\/strong><\/h5>\n<h5><strong>es una pr\u00e1ctica viva.<\/strong><\/h5>\n<h5><strong>Est\u00e1 en las aulas,<\/strong><\/h5>\n<h5><strong>en los equipos,<\/strong><\/h5>\n<h5><strong>en las preguntas que no se resignan,<\/strong><\/h5>\n<h5><strong>en la convicci\u00f3n de que la educaci\u00f3n<\/strong><\/h5>\n<h5><strong>no es adaptaci\u00f3n al mundo,<\/strong><\/h5>\n<h5><strong>sino construcci\u00f3n de uno m\u00e1s justo.<\/strong><\/h5>\n<h5><strong>Por eso, honrar a Beby<\/strong><\/h5>\n<h5><strong>no es s\u00f3lo recordarla.<\/strong><\/h5>\n<h5><strong>Es sostener la escuela que so\u00f1\u00f3<\/strong><\/h5>\n<h5><strong>en tiempos que muchas veces empujan al retroceso.<\/strong><\/h5>\n<h5><strong>Es seguir apostando por una educaci\u00f3n p\u00fablica, democr\u00e1tica y transformadora.<\/strong><\/h5>\n<h5><strong>Beby vive<\/strong><\/h5>\n<h5><strong>en cada docente que no baja los brazos,<\/strong><\/h5>\n<h5><strong>en cada estudiante que descubre que puede,<\/strong><\/h5>\n<h5><strong>en cada comunidad que cree<\/strong><\/h5>\n<h5><strong>que otra escuela \u2014y otro mundo\u2014<\/strong><\/h5>\n<h5><strong>siguen siendo posibles.<\/strong><\/h5>\n<h5>\u00a0 \u00a0 \u00a0 \u00a0 \u00a0 \u00a0 \u00a0 \u00a0 \u00a0 \u00a0 \u00a0 \u00a0 \u00a0 \u00a0 \u00a0 \u00a0 \u00a0 \u00a0 \u00a0 \u00a0 \u00a0 \u00a0 \u00a0 \u00a0 \u00a0 \u00a0 \u00a0 \u00a0 \u00a0 \u00a0 \u00a0 \u00a0 \u00a0 \u00a0 \u00a0 \u00a0 \u00a0 \u00a0 \u00a0 \u00a0 \u00a0 \u00a0 \u00a0 \u00a0 \u00a0 \u00a0 \u00a0 \u00a0 \u00a0 \u00a0 \u00a0 \u00a0 \u00a0Fernanda Marchese<\/h5>\n<h5>\u00a0<\/h5>\n<p><body ondragstart=\"return false\" onselectstart=\"return false\" oncontextmenu=\"return false\"><\/p>\n","protected":false},"excerpt":{"rendered":"<p>Homenaje a Beby Ju\u00e1rez de Cruz Prats Una mujer poderosa. Una instituci\u00f3n dentro de una instituci\u00f3n: nuestra instituci\u00f3n. La escuela, tal como la vivimos hoy, fue primero pensada por Beby. Antes de ser paredes, horarios y cuadernos, fue una idea suya. Antes de ser pr\u00e1ctica, fue su sue\u00f1o organizado. Formadora de formadoras. Maestra de maestras. &#8230; <a title=\"Homenaje a Beby\" class=\"read-more\" href=\"https:\/\/elvs-tuc.infd.edu.ar\/sitio\/homenaje-a-beby\/\" aria-label=\"More on Homenaje a Beby\">[+]<\/a><\/p>\n","protected":false},"author":275,"featured_media":0,"parent":0,"menu_order":0,"comment_status":"closed","ping_status":"closed","template":"","meta":[],"acf":[],"_links":{"self":[{"href":"https:\/\/elvs-tuc.infd.edu.ar\/sitio\/wp-json\/wp\/v2\/pages\/14674"}],"collection":[{"href":"https:\/\/elvs-tuc.infd.edu.ar\/sitio\/wp-json\/wp\/v2\/pages"}],"about":[{"href":"https:\/\/elvs-tuc.infd.edu.ar\/sitio\/wp-json\/wp\/v2\/types\/page"}],"author":[{"embeddable":true,"href":"https:\/\/elvs-tuc.infd.edu.ar\/sitio\/wp-json\/wp\/v2\/users\/275"}],"replies":[{"embeddable":true,"href":"https:\/\/elvs-tuc.infd.edu.ar\/sitio\/wp-json\/wp\/v2\/comments?post=14674"}],"version-history":[{"count":22,"href":"https:\/\/elvs-tuc.infd.edu.ar\/sitio\/wp-json\/wp\/v2\/pages\/14674\/revisions"}],"predecessor-version":[{"id":14712,"href":"https:\/\/elvs-tuc.infd.edu.ar\/sitio\/wp-json\/wp\/v2\/pages\/14674\/revisions\/14712"}],"wp:attachment":[{"href":"https:\/\/elvs-tuc.infd.edu.ar\/sitio\/wp-json\/wp\/v2\/media?parent=14674"}],"curies":[{"name":"wp","href":"https:\/\/api.w.org\/{rel}","templated":true}]}}

<h5>Homenaje a Beby Juárez de Cruz Prats</h5>
<hr />
<h5>Una mujer poderosa.</h5>
<h5>Una institución dentro de una institución: nuestra institución.</h5>
<h5>La escuela, tal como la vivimos hoy, fue primero pensada por Beby.<img decoding="async" loading="lazy" class="alignright wp-image-14683" src="https://elvs-tuc.infd.edu.ar/sitio/wp-content/uploads/2026/03/homenaje-Bby.jpg" alt="" width="400" height="603" /></h5>
<h5>Antes de ser paredes, horarios y cuadernos, fue una idea suya.</h5>
<h5>Antes de ser práctica, fue su sueño organizado.</h5>
<h5>Formadora de formadoras.</h5>
<h5>Maestra de maestras.</h5>
<h5>Educadora al cuadrado.</h5>
<h5>A todas, de un modo u otro, nos tocó Beby.</h5>
<h5>Por una palabra, una decisión, una pelea, una mirada.</h5>
<h5>Es imposible no reconocerse atravesada por su influencia,</h5>
<h5>por su huella.</h5>
<h5>apasionada.</h5>
<h5>Tenaz.</h5>
<h5>Estratega.</h5>
<h5>Soñadora.</h5>
<h5>Pero no de las que se quedan en el deseo:</h5>
<h5>Beby soñaba con planos, con fechas, con personas.</h5>
<h5>Soñaba con método.</h5>
<h5>Se atrevía no sólo a imaginar,</h5>
<h5>sino a concretar.</h5>
<h5><strong>Y eso es quizá lo más raro y más valioso:</strong></h5>
<h5><strong>haber tenido la audacia de pensar una escuela</strong></h5>
<h5><strong>y la terquedad de hacerla existir.</strong></h5>
<h5><strong>Porque su legado no es una estatua ni una placa:</strong></h5>
<h5><strong>es una alquimia virtuosa entre la política y la pedagogía,</strong></h5>
<h5><strong>es una práctica viva.</strong></h5>
<h5><strong>Está en las aulas,</strong></h5>
<h5><strong>en los equipos,</strong></h5>
<h5><strong>en las preguntas que no se resignan,</strong></h5>
<h5><strong>en la convicción de que la educación</strong></h5>
<h5><strong>no es adaptación al mundo,</strong></h5>
<h5><strong>sino construcción de uno más justo.</strong></h5>
<h5><strong>Por eso, honrar a Beby</strong></h5>
<h5><strong>no es sólo recordarla.</strong></h5>
<h5><strong>Es sostener la escuela que soñó</strong></h5>
<h5><strong>en tiempos que muchas veces empujan al retroceso.</strong></h5>
<h5><strong>Es seguir apostando por una educación pública, democrática y transformadora.</strong></h5>
<h5><strong>Beby vive</strong></h5>
<h5><strong>en cada docente que no baja los brazos,</strong></h5>
<h5><strong>en cada estudiante que descubre que puede,</strong></h5>
<h5><strong>en cada comunidad que cree</strong></h5>
<h5><strong>que otra escuela —y otro mundo—</strong></h5>
<h5><strong>siguen siendo posibles.</strong></h5>
<h5>                                                                                                         Fernanda Marchese</h5>
<h5> </h5>
<p><body ondragstart="return false" onselectstart="return false" oncontextmenu="return false"></p>

<p>Homenaje a Beby Juárez de Cruz Prats Una mujer poderosa. Una institución dentro de una institución: nuestra institución. La escuela, tal como la vivimos hoy, fue primero pensada por Beby. Antes de ser paredes, horarios y cuadernos, fue una idea suya. Antes de ser práctica, fue su sueño organizado. Formadora de formadoras. Maestra de maestras. &#8230; <a title="Homenaje a Beby" class="read-more" href="https://elvs-tuc.infd.edu.ar/sitio/homenaje-a-beby/" aria-label="More on Homenaje a Beby">[+]</a></p>
