{"id":1051,"date":"2018-10-01T12:57:20","date_gmt":"2018-10-01T15:57:20","guid":{"rendered":"https:\/\/elvs-tuc.infd.edu.ar\/sitio\/?page_id=1051"},"modified":"2022-03-27T22:32:13","modified_gmt":"2022-03-28T01:32:13","slug":"homenaje-al-san-antonio","status":"publish","type":"page","link":"https:\/\/elvs-tuc.infd.edu.ar\/sitio\/homenaje-al-san-antonio\/","title":{"rendered":"Homenaje al San Antonio"},"content":{"rendered":"<p><img decoding=\"async\" loading=\"lazy\" class=\"alignnone size-medium wp-image-1472\" src=\"https:\/\/elvs-tuc.infd.edu.ar\/sitio\/wp-content\/uploads\/2019\/04\/san-antonio-web--1000x200.jpg\" alt=\"\" width=\"1000\" height=\"200\" srcset=\"https:\/\/elvs-tuc.infd.edu.ar\/sitio\/wp-content\/uploads\/2019\/04\/san-antonio-web-.jpg 1000w, https:\/\/elvs-tuc.infd.edu.ar\/sitio\/wp-content\/uploads\/2019\/04\/san-antonio-web--768x154.jpg 768w\" sizes=\"(max-width: 1000px) 100vw, 1000px\" \/><\/p>\n<p><span style=\"font-size: 12pt;\"><strong>\u201cNo me dejes partir viejo algarrobo,<\/strong><\/span><\/p>\n<p><span style=\"font-size: 12pt;\"><strong>levanta un cerco con tu sombra buena,<\/strong><\/span><\/p>\n<p><span style=\"font-size: 12pt;\"><strong>\u00e1tame a la ra\u00edz de tu silencio,<\/strong><\/span><\/p>\n<p><span style=\"font-size: 12pt;\"><strong>donde se tornan p\u00e1jaros las penas&#8230;\u00bb<\/strong><\/span><\/p>\n<p style=\"text-align: justify;\"><span style=\"font-size: 14pt;\">As\u00ed comienza el poema que Atahualpa Yupanqui le dedica al \u00e1rbol que tal vez haya abrigado sus d\u00edas. Leerlo cientos de veces no ha podido evitar nunca la evocaci\u00f3n del San Antonio&#8230;de su sombra buena&#8230;como dec\u00eda el maestro\u2026 de ese secreto deseo de no querer partir lejos de su protecci\u00f3n&#8230;<\/span><\/p>\n<p style=\"text-align: justify;\"><span style=\"font-size: 14pt;\">Jam\u00e1s un ornamento ha sido necesario en el inmenso patio al amparo de su fortaleza&#8230;<\/span><\/p>\n<p style=\"text-align: justify;\"><span style=\"font-size: 14pt;\">Habr\u00e1 sido joven alguna vez? Habr\u00e1 alguien que pueda recordarlo peque\u00f1o? O imaginarlo d\u00e9bil? O envejecido?&#8230; Cu\u00e1ntas personas habremos crecido, transitado, jugado, abrazado, llorado, cantado, celebrado, discutido, pensado, so\u00f1ado a la sombra del San Antonio? Que natural fue creerlo tan propio&#8230;tan eterno&#8230;! Hoy las ramas se deshacen de sus hojas para soportar el peso de los a\u00f1os&#8230;Para juntar fuerzas.. Y vamos a ayudarlo. La decisi\u00f3n no es f\u00e1cil. Ni es el camino m\u00e1s corto. Es el que ha aconsejado el mejor y m\u00e1s experto de los especialistas. \u00abEst\u00e1 muriendo\u00bb nos dijo. \u00abHay signos inequ\u00edvocos de necrosis en el tronco. Hay que aliviarlo del peso de sus ramas con una poda radical y con nutrientes que lo alimenten para el rebrote\u2026 si logramos que rebrote\u00bb Est\u00e1n los reto\u00f1os que plantaremos al lado del tronco. Crecer\u00e1n, lo abrazar\u00e1n y se fundir\u00e1n con \u00e9l&#8230; y habr\u00e1 renacido. Llevar\u00e1 a\u00f1os. Pero seremos los testigos de ese renacer como otros lo fueron de su nacimiento. Para agradecerle por lo que nos dio y para guardar su recuerdo, antes de la poda, haremos la toma de fotograf\u00edas por cada grado durante los d\u00edas de la semana pr\u00f3xima en horas de la ma\u00f1ana y de la tarde. <strong>El d\u00eda 11 de mayo a las 15 horas<\/strong>, se tomar\u00e1 la fotograf\u00eda con las egresadas.<\/span><\/p>\n<p style=\"text-align: right;\"><span style=\"font-size: 14pt;\"><strong>Marcela Estrada<\/strong><\/span><\/p>\n<p style=\"text-align: right;\"><span style=\"font-size: 12pt;\"><strong>mayo\u00a0de 2018, Tucum\u00e1n<\/strong><\/span><\/p>\n<hr \/>\n<p style=\"text-align: right;\"><span style=\"font-size: 12pt;\">\u00a0<\/span><\/p>\n<h5><span style=\"color: #ff6600;\">El San Antonio en los medios<\/span><\/h5>\n<p><iframe style=\"width: 650px; height: 459px;\" src=\"\/\/e.issuu.com\/embed.html#8135383\/61997807\" frameborder=\"0\" allowfullscreen=\"allowfullscreen\" data-mce-fragment=\"1\"><\/iframe><\/p>\n<p><video style=\"vertical-align: middle;\" controls=\"controls\" width=\"650\" height=\"450\" data-mce-fragment=\"1\"><source src=\"https:\/\/elvs-tuc.infd.edu.ar\/aula\/archivos\/repositorio\/250\/359\/San_Antonio_.mp4\" type=\"video\/mp4\" \/><\/video><\/p>\n<p><body ondragstart=\"return false\" onselectstart=\"return false\" oncontextmenu=\"return false\"><\/p>\n","protected":false},"excerpt":{"rendered":"<p>\u201cNo me dejes partir viejo algarrobo, levanta un cerco con tu sombra buena, \u00e1tame a la ra\u00edz de tu silencio, donde se tornan p\u00e1jaros las penas&#8230;\u00bb As\u00ed comienza el poema que Atahualpa Yupanqui le dedica al \u00e1rbol que tal vez haya abrigado sus d\u00edas. Leerlo cientos de veces no ha podido evitar nunca la evocaci\u00f3n &#8230; <a title=\"Homenaje al San Antonio\" class=\"read-more\" href=\"https:\/\/elvs-tuc.infd.edu.ar\/sitio\/homenaje-al-san-antonio\/\" aria-label=\"More on Homenaje al San Antonio\">[+]<\/a><\/p>\n","protected":false},"author":275,"featured_media":0,"parent":0,"menu_order":0,"comment_status":"closed","ping_status":"closed","template":"","meta":[],"acf":[],"_links":{"self":[{"href":"https:\/\/elvs-tuc.infd.edu.ar\/sitio\/wp-json\/wp\/v2\/pages\/1051"}],"collection":[{"href":"https:\/\/elvs-tuc.infd.edu.ar\/sitio\/wp-json\/wp\/v2\/pages"}],"about":[{"href":"https:\/\/elvs-tuc.infd.edu.ar\/sitio\/wp-json\/wp\/v2\/types\/page"}],"author":[{"embeddable":true,"href":"https:\/\/elvs-tuc.infd.edu.ar\/sitio\/wp-json\/wp\/v2\/users\/275"}],"replies":[{"embeddable":true,"href":"https:\/\/elvs-tuc.infd.edu.ar\/sitio\/wp-json\/wp\/v2\/comments?post=1051"}],"version-history":[{"count":10,"href":"https:\/\/elvs-tuc.infd.edu.ar\/sitio\/wp-json\/wp\/v2\/pages\/1051\/revisions"}],"predecessor-version":[{"id":5946,"href":"https:\/\/elvs-tuc.infd.edu.ar\/sitio\/wp-json\/wp\/v2\/pages\/1051\/revisions\/5946"}],"wp:attachment":[{"href":"https:\/\/elvs-tuc.infd.edu.ar\/sitio\/wp-json\/wp\/v2\/media?parent=1051"}],"curies":[{"name":"wp","href":"https:\/\/api.w.org\/{rel}","templated":true}]}}

<p><img decoding="async" loading="lazy" class="alignnone size-medium wp-image-1472" src="https://elvs-tuc.infd.edu.ar/sitio/wp-content/uploads/2019/04/san-antonio-web--1000x200.jpg" alt="" width="1000" height="200" srcset="https://elvs-tuc.infd.edu.ar/sitio/wp-content/uploads/2019/04/san-antonio-web-.jpg 1000w, https://elvs-tuc.infd.edu.ar/sitio/wp-content/uploads/2019/04/san-antonio-web--768x154.jpg 768w" sizes="(max-width: 1000px) 100vw, 1000px" /></p>
<p><span style="font-size: 12pt;"><strong>“No me dejes partir viejo algarrobo,</strong></span></p>
<p><span style="font-size: 12pt;"><strong>levanta un cerco con tu sombra buena,</strong></span></p>
<p><span style="font-size: 12pt;"><strong>átame a la raíz de tu silencio,</strong></span></p>
<p><span style="font-size: 12pt;"><strong>donde se tornan pájaros las penas&#8230;»</strong></span></p>
<p style="text-align: justify;"><span style="font-size: 14pt;">Así comienza el poema que Atahualpa Yupanqui le dedica al árbol que tal vez haya abrigado sus días. Leerlo cientos de veces no ha podido evitar nunca la evocación del San Antonio&#8230;de su sombra buena&#8230;como decía el maestro… de ese secreto deseo de no querer partir lejos de su protección&#8230;</span></p>
<p style="text-align: justify;"><span style="font-size: 14pt;">Jamás un ornamento ha sido necesario en el inmenso patio al amparo de su fortaleza&#8230;</span></p>
<p style="text-align: justify;"><span style="font-size: 14pt;">Habrá sido joven alguna vez? Habrá alguien que pueda recordarlo pequeño? O imaginarlo débil? O envejecido?&#8230; Cuántas personas habremos crecido, transitado, jugado, abrazado, llorado, cantado, celebrado, discutido, pensado, soñado a la sombra del San Antonio? Que natural fue creerlo tan propio&#8230;tan eterno&#8230;! Hoy las ramas se deshacen de sus hojas para soportar el peso de los años&#8230;Para juntar fuerzas.. Y vamos a ayudarlo. La decisión no es fácil. Ni es el camino más corto. Es el que ha aconsejado el mejor y más experto de los especialistas. «Está muriendo» nos dijo. «Hay signos inequívocos de necrosis en el tronco. Hay que aliviarlo del peso de sus ramas con una poda radical y con nutrientes que lo alimenten para el rebrote… si logramos que rebrote» Están los retoños que plantaremos al lado del tronco. Crecerán, lo abrazarán y se fundirán con él&#8230; y habrá renacido. Llevará años. Pero seremos los testigos de ese renacer como otros lo fueron de su nacimiento. Para agradecerle por lo que nos dio y para guardar su recuerdo, antes de la poda, haremos la toma de fotografías por cada grado durante los días de la semana próxima en horas de la mañana y de la tarde. <strong>El día 11 de mayo a las 15 horas</strong>, se tomará la fotografía con las egresadas.</span></p>
<p style="text-align: right;"><span style="font-size: 14pt;"><strong>Marcela Estrada</strong></span></p>
<p style="text-align: right;"><span style="font-size: 12pt;"><strong>mayo de 2018, Tucumán</strong></span></p>
<hr />
<p style="text-align: right;"><span style="font-size: 12pt;"> </span></p>
<h5><span style="color: #ff6600;">El San Antonio en los medios</span></h5>
<p><iframe style="width: 650px; height: 459px;" src="//e.issuu.com/embed.html#8135383/61997807" frameborder="0" allowfullscreen="allowfullscreen" data-mce-fragment="1"></iframe></p>
<p><video style="vertical-align: middle;" controls="controls" width="650" height="450" data-mce-fragment="1"><source src="https://elvs-tuc.infd.edu.ar/aula/archivos/repositorio/250/359/San_Antonio_.mp4" type="video/mp4" /></video></p>
<p><body ondragstart="return false" onselectstart="return false" oncontextmenu="return false"></p>

<p>“No me dejes partir viejo algarrobo, levanta un cerco con tu sombra buena, átame a la raíz de tu silencio, donde se tornan pájaros las penas&#8230;» Así comienza el poema que Atahualpa Yupanqui le dedica al árbol que tal vez haya abrigado sus días. Leerlo cientos de veces no ha podido evitar nunca la evocación &#8230; <a title="Homenaje al San Antonio" class="read-more" href="https://elvs-tuc.infd.edu.ar/sitio/homenaje-al-san-antonio/" aria-label="More on Homenaje al San Antonio">[+]</a></p>
